Last updated on 2025-02-18 02:50:39 CET.
Flavor | Version | Tinstall | Tcheck | Ttotal | Status | Flags |
---|---|---|---|---|---|---|
r-devel-linux-x86_64-debian-clang | 1.3.0 | 17.00 | 118.56 | 135.56 | NOTE | |
r-devel-linux-x86_64-debian-gcc | 1.3.0 | 10.89 | 84.17 | 95.06 | NOTE | |
r-devel-linux-x86_64-fedora-clang | 1.3.0 | 226.48 | NOTE | |||
r-devel-linux-x86_64-fedora-gcc | 1.3.0 | 194.04 | NOTE | |||
r-devel-macos-arm64 | 1.3.0 | 58.00 | OK | |||
r-devel-macos-x86_64 | 1.3.0 | 115.00 | NOTE | |||
r-devel-windows-x86_64 | 1.3.0 | 17.00 | 121.00 | 138.00 | NOTE | |
r-patched-linux-x86_64 | 1.3.0 | 15.89 | 106.40 | 122.29 | OK | |
r-release-linux-x86_64 | 1.3.0 | 16.72 | 107.36 | 124.08 | OK | |
r-release-macos-arm64 | 1.3.0 | 55.00 | OK | |||
r-release-macos-x86_64 | 1.3.0 | 95.00 | OK | |||
r-release-windows-x86_64 | 1.3.0 | 19.00 | 120.00 | 139.00 | OK | |
r-oldrel-macos-arm64 | 1.3.0 | 58.00 | OK | |||
r-oldrel-macos-x86_64 | 1.3.0 | 94.00 | OK | |||
r-oldrel-windows-x86_64 | 1.3.0 | 24.00 | 143.00 | 167.00 | OK |
Version: 1.3.0
Check: DESCRIPTION meta-information
Result: NOTE
Missing dependency on R >= 4.1.0 because package code uses the pipe
|> or function shorthand \(...) syntax added in R 4.1.0.
File(s) using such syntax:
‘mod_carga_datos.R’ ‘mod_correlacion_utils.R’ ‘mod_dispersion.R’
‘mod_distribuciones.R’ ‘mod_distribuciones_fct.R’
‘mod_distribuciones_utils.R’ ‘mod_normal_utils.R’
Flavors: r-devel-linux-x86_64-debian-clang, r-devel-linux-x86_64-debian-gcc, r-devel-linux-x86_64-fedora-clang, r-devel-linux-x86_64-fedora-gcc, r-devel-macos-x86_64, r-devel-windows-x86_64