Last updated on 2025-02-21 02:52:15 CET.
Flavor | Version | Tinstall | Tcheck | Ttotal | Status | Flags |
---|---|---|---|---|---|---|
r-devel-linux-x86_64-debian-clang | 0.41 | 7.87 | 40.40 | 48.27 | OK | |
r-devel-linux-x86_64-debian-gcc | 0.41 | 5.82 | 29.98 | 35.80 | OK | |
r-devel-linux-x86_64-fedora-clang | 0.41 | 75.41 | NOTE | |||
r-devel-linux-x86_64-fedora-gcc | 0.41 | 72.68 | NOTE | |||
r-devel-macos-arm64 | 0.41 | 30.00 | OK | |||
r-devel-macos-x86_64 | 0.41 | 54.00 | OK | |||
r-devel-windows-x86_64 | 0.41 | 13.00 | 77.00 | 90.00 | OK | |
r-patched-linux-x86_64 | 0.41 | 7.00 | 39.46 | 46.46 | OK | |
r-release-linux-x86_64 | 0.41 | 6.18 | 39.11 | 45.29 | OK | |
r-release-macos-arm64 | 0.41 | 30.00 | OK | |||
r-release-macos-x86_64 | 0.41 | 43.00 | OK | |||
r-release-windows-x86_64 | 0.41 | 12.00 | 69.00 | 81.00 | OK | |
r-oldrel-macos-arm64 | 0.41 | 31.00 | OK | |||
r-oldrel-macos-x86_64 | 0.41 | 43.00 | OK | |||
r-oldrel-windows-x86_64 | 0.41 | 14.00 | 111.00 | 125.00 | OK |
Version: 0.41
Check: compiled code
Result: NOTE
File ‘localgauss/libs/localgauss.so’:
Found no calls to: ‘R_registerRoutines’, ‘R_useDynamicSymbols’
It is good practice to register native routines and to disable symbol
search.
See ‘Writing portable packages’ in the ‘Writing R Extensions’ manual.
Flavors: r-devel-linux-x86_64-fedora-clang, r-devel-linux-x86_64-fedora-gcc