Last updated on 2025-02-21 02:52:15 CET.
Flavor | Version | Tinstall | Tcheck | Ttotal | Status | Flags |
---|---|---|---|---|---|---|
r-devel-linux-x86_64-debian-clang | 0.3.7 | 51.95 | 483.43 | 535.38 | OK | |
r-devel-linux-x86_64-debian-gcc | 0.3.7 | 0.47 | 1.55 | 2.02 | ERROR | |
r-devel-linux-x86_64-fedora-clang | 0.3.7 | 831.29 | OK | |||
r-devel-linux-x86_64-fedora-gcc | 0.3.7 | 862.00 | OK | |||
r-devel-macos-arm64 | 0.3.7 | 141.00 | OK | |||
r-devel-macos-x86_64 | 0.3.7 | 330.00 | OK | |||
r-devel-windows-x86_64 | 0.3.7 | 51.00 | 396.00 | 447.00 | OK | |
r-patched-linux-x86_64 | 0.3.7 | 45.41 | 433.75 | 479.16 | OK | |
r-release-linux-x86_64 | 0.3.7 | 49.29 | 433.71 | 483.00 | OK | |
r-release-macos-arm64 | 0.3.7 | 188.00 | NOTE | |||
r-release-macos-x86_64 | 0.3.7 | 422.00 | NOTE | |||
r-release-windows-x86_64 | 0.3.7 | 49.00 | 381.00 | 430.00 | OK | |
r-oldrel-macos-arm64 | 0.3.5 | 201.00 | NOTE | |||
r-oldrel-macos-x86_64 | 0.3.7 | 339.00 | NOTE | |||
r-oldrel-windows-x86_64 | 0.3.7 | 70.00 | 454.00 | 524.00 | NOTE |
Version: 0.3.7
Check: package dependencies
Result: ERROR
Packages required but not available: 'ensembldb', 'rtracklayer'
Package suggested but not available for checking: ‘EnsDb.Hsapiens.v75’
See section ‘The DESCRIPTION file’ in the ‘Writing R Extensions’
manual.
Flavor: r-devel-linux-x86_64-debian-gcc
Version: 0.3.7
Check: package dependencies
Result: NOTE
Package suggested but not available for checking: ‘EnsDb.Hsapiens.v75’
Flavors: r-release-macos-arm64, r-release-macos-x86_64, r-oldrel-macos-x86_64, r-oldrel-windows-x86_64
Version: 0.3.5
Check: package dependencies
Result: NOTE
Package suggested but not available for checking: ‘EnsDb.Hsapiens.v75’
Flavor: r-oldrel-macos-arm64
Version: 0.3.7
Check: R code for possible problems
Result: NOTE
gg_scatter: no visible global function definition for '%||%'
Undefined global functions or variables:
%||%
Flavors: r-oldrel-macos-x86_64, r-oldrel-windows-x86_64