Last updated on 2025-02-18 02:50:40 CET.
Flavor | Version | Tinstall | Tcheck | Ttotal | Status | Flags |
---|---|---|---|---|---|---|
r-devel-linux-x86_64-debian-clang | 1.0 | 24.51 | 91.97 | 116.48 | NOTE | |
r-devel-linux-x86_64-debian-gcc | 1.0 | 18.08 | 46.31 | 64.39 | NOTE | |
r-devel-linux-x86_64-fedora-clang | 1.0 | 212.28 | NOTE | |||
r-devel-linux-x86_64-fedora-gcc | 1.0 | 151.42 | NOTE | |||
r-devel-macos-arm64 | 1.0 | 40.00 | NOTE | |||
r-devel-macos-x86_64 | 1.0 | 75.00 | NOTE | |||
r-devel-windows-x86_64 | 1.0 | 26.00 | 96.00 | 122.00 | NOTE | |
r-patched-linux-x86_64 | 1.0 | 25.99 | 63.64 | 89.63 | NOTE | |
r-release-linux-x86_64 | 1.0 | 23.45 | 64.65 | 88.10 | NOTE | |
r-release-macos-arm64 | 1.0 | 41.00 | NOTE | |||
r-release-macos-x86_64 | 1.0 | 63.00 | NOTE | |||
r-release-windows-x86_64 | 1.0 | 27.00 | 104.00 | 131.00 | NOTE | |
r-oldrel-macos-arm64 | 1.0 | 48.00 | NOTE | |||
r-oldrel-macos-x86_64 | 1.0 | 75.00 | NOTE | |||
r-oldrel-windows-x86_64 | 1.0 | 32.00 | 101.00 | 133.00 | NOTE |
Version: 1.0
Check: C++ specification
Result: NOTE
Specified C++11: please drop specification unless essential
Flavors: r-devel-linux-x86_64-debian-clang, r-devel-linux-x86_64-debian-gcc, r-devel-linux-x86_64-fedora-clang, r-devel-linux-x86_64-fedora-gcc, r-devel-macos-arm64, r-devel-macos-x86_64, r-devel-windows-x86_64, r-patched-linux-x86_64, r-release-linux-x86_64, r-release-macos-arm64, r-release-macos-x86_64, r-release-windows-x86_64, r-oldrel-macos-arm64, r-oldrel-macos-x86_64, r-oldrel-windows-x86_64