Last updated on 2025-02-18 02:50:40 CET.
Flavor | Version | Tinstall | Tcheck | Ttotal | Status | Flags |
---|---|---|---|---|---|---|
r-devel-linux-x86_64-debian-clang | 1.1.1 | 3.60 | 22.41 | 26.01 | NOTE | |
r-devel-linux-x86_64-debian-gcc | 1.1.1 | 2.50 | 18.06 | 20.56 | NOTE | |
r-devel-linux-x86_64-fedora-clang | 1.1.1 | 42.97 | NOTE | |||
r-devel-linux-x86_64-fedora-gcc | 1.1.1 | 39.54 | NOTE | |||
r-devel-macos-arm64 | 1.1.1 | 18.00 | OK | |||
r-devel-macos-x86_64 | 1.1.1 | 33.00 | NOTE | |||
r-devel-windows-x86_64 | 1.1.1 | 4.00 | 48.00 | 52.00 | NOTE | |
r-patched-linux-x86_64 | 1.1.1 | 3.14 | 21.76 | 24.90 | OK | |
r-release-linux-x86_64 | 1.1.1 | 3.33 | 21.58 | 24.91 | OK | |
r-release-macos-arm64 | 1.1.1 | 17.00 | OK | |||
r-release-macos-x86_64 | 1.1.1 | 25.00 | OK | |||
r-release-windows-x86_64 | 1.1.1 | 4.00 | 45.00 | 49.00 | OK | |
r-oldrel-macos-arm64 | 1.1.1 | 19.00 | OK | |||
r-oldrel-macos-x86_64 | 1.1.1 | 24.00 | OK | |||
r-oldrel-windows-x86_64 | 1.1.1 | 5.00 | 62.00 | 67.00 | OK |
Version: 1.1.1
Check: DESCRIPTION meta-information
Result: NOTE
Missing dependency on R >= 4.1.0 because package code uses the pipe
|> or function shorthand \(...) syntax added in R 4.1.0.
File(s) using such syntax:
‘logger.R’
Flavors: r-devel-linux-x86_64-debian-clang, r-devel-linux-x86_64-debian-gcc, r-devel-linux-x86_64-fedora-clang, r-devel-linux-x86_64-fedora-gcc, r-devel-macos-x86_64, r-devel-windows-x86_64
Version: 1.1.1
Check: dependencies in R code
Result: NOTE
Namespace in Imports field not imported from: ‘R6’
All declared Imports should be used.
Flavors: r-devel-linux-x86_64-fedora-clang, r-devel-linux-x86_64-fedora-gcc