Last updated on 2025-02-21 02:52:15 CET.
Flavor | Version | Tinstall | Tcheck | Ttotal | Status | Flags |
---|---|---|---|---|---|---|
r-devel-linux-x86_64-debian-clang | 1.3.1 | 134.82 | 145.13 | 279.95 | NOTE | --no-vignettes |
r-devel-linux-x86_64-debian-gcc | 1.3.1 | 110.06 | 100.48 | 210.54 | NOTE | --no-vignettes |
r-devel-linux-x86_64-fedora-clang | 1.3.1 | 449.64 | OK | --no-vignettes | ||
r-devel-linux-x86_64-fedora-gcc | 1.3.1 | 519.35 | OK | --no-vignettes | ||
r-devel-macos-arm64 | 1.3.1 | 1345.00 | OK | |||
r-devel-macos-x86_64 | 1.3.1 | 1776.00 | OK | |||
r-devel-windows-x86_64 | 1.3.1 | 141.00 | 198.00 | 339.00 | NOTE | --no-vignettes |
r-patched-linux-x86_64 | 1.3.1 | 157.18 | 133.26 | 290.44 | OK | --no-vignettes |
r-release-linux-x86_64 | 1.3.1 | 148.52 | 131.87 | 280.39 | OK | --no-vignettes |
r-release-macos-arm64 | 1.3.1 | 1803.00 | NOTE | |||
r-release-macos-x86_64 | 1.3.1 | 1410.00 | NOTE | |||
r-release-windows-x86_64 | 1.3.1 | 145.00 | 197.00 | 342.00 | OK | --no-vignettes |
r-oldrel-macos-arm64 | 1.3.1 | 733.00 | NOTE | |||
r-oldrel-macos-x86_64 | 1.3.1 | 1624.00 | NOTE | |||
r-oldrel-windows-x86_64 | 1.3.1 | 182.00 | 261.00 | 443.00 | OK | --no-vignettes |
Version: 1.3.1
Flags: --no-vignettes
Check: Rd cross-references
Result: NOTE
Found the following Rd file(s) with Rd \link{} targets missing package
anchors:
inlineLologPlugin.Rd: cppFunction, sourceCpp
plot.Rcpp_DirectedNet.Rd: plot.network
plot.Rcpp_UndirectedNet.Rd: plot.network
plot.lologGmm.Rd: geom_histogram
Please provide package anchors for all Rd \link{} targets not in the
package itself and the base packages.
Flavors: r-devel-linux-x86_64-debian-clang, r-devel-linux-x86_64-debian-gcc, r-devel-windows-x86_64
Version: 1.3.1
Check: installed package size
Result: NOTE
installed size is 19.6Mb
sub-directories of 1Mb or more:
libs 18.0Mb
Flavors: r-release-macos-arm64, r-release-macos-x86_64, r-oldrel-macos-arm64, r-oldrel-macos-x86_64