Last updated on 2025-02-21 02:52:15 CET.
Flavor | Version | Tinstall | Tcheck | Ttotal | Status | Flags |
---|---|---|---|---|---|---|
r-devel-linux-x86_64-debian-clang | 1.1.1 | 32.95 | 103.83 | 136.78 | OK | |
r-devel-linux-x86_64-debian-gcc | 1.1.1 | 22.40 | 70.33 | 92.73 | OK | |
r-devel-linux-x86_64-fedora-clang | 1.1.1 | 230.10 | OK | |||
r-devel-linux-x86_64-fedora-gcc | 1.1.1 | 241.03 | OK | |||
r-devel-macos-arm64 | 1.1.1 | 68.00 | OK | |||
r-devel-macos-x86_64 | 1.1.1 | 126.00 | OK | |||
r-devel-windows-x86_64 | 1.1.1 | 35.00 | 141.00 | 176.00 | OK | |
r-patched-linux-x86_64 | 1.1.1 | 31.54 | 97.02 | 128.56 | OK | |
r-release-linux-x86_64 | 1.1.1 | 29.69 | 96.88 | 126.57 | OK | |
r-release-macos-arm64 | 1.1.1 | 85.00 | NOTE | |||
r-release-macos-x86_64 | 1.1.1 | 246.00 | NOTE | |||
r-release-windows-x86_64 | 1.1.1 | 35.00 | 140.00 | 175.00 | OK | |
r-oldrel-macos-arm64 | 1.1.1 | 79.00 | NOTE | |||
r-oldrel-macos-x86_64 | 1.1.1 | 217.00 | NOTE | |||
r-oldrel-windows-x86_64 | 1.1.1 | 47.00 | 186.00 | 233.00 | OK |
Version: 1.1.1
Check: installed package size
Result: NOTE
installed size is 6.5Mb
sub-directories of 1Mb or more:
data 4.0Mb
libs 1.8Mb
Flavors: r-release-macos-arm64, r-release-macos-x86_64, r-oldrel-macos-arm64, r-oldrel-macos-x86_64