Last updated on 2024-05-21 14:57:15 CEST.
Flavor | Version | Tinstall | Tcheck | Ttotal | Status | Flags |
---|---|---|---|---|---|---|
r-devel-linux-x86_64-debian-clang | 1.0.1 | 4.62 | 41.12 | 45.74 | OK | |
r-devel-linux-x86_64-debian-gcc | 1.0.1 | 3.46 | 30.69 | 34.15 | OK | |
r-devel-linux-x86_64-fedora-clang | 1.0.1 | 55.35 | NOTE | |||
r-devel-linux-x86_64-fedora-gcc | 1.0.1 | 55.00 | OK | |||
r-devel-windows-x86_64 | 1.0.1 | 5.00 | 57.00 | 62.00 | OK | |
r-patched-linux-x86_64 | 1.0.1 | 8.03 | 39.63 | 47.66 | OK | |
r-release-linux-x86_64 | 1.0.1 | 3.43 | 39.16 | 42.59 | OK | |
r-release-macos-arm64 | 1.0.1 | 22.00 | OK | |||
r-release-windows-x86_64 | 1.0.1 | 5.00 | 52.00 | 57.00 | OK | |
r-oldrel-macos-arm64 | 1.0.1 | 23.00 | OK | |||
r-oldrel-macos-x86_64 | 1.0.1 | 52.00 | OK | |||
r-oldrel-windows-x86_64 | 1.0.1 | 6.00 | 56.00 | 62.00 | OK |
Version: 1.0.1
Check: Rd cross-references
Result: NOTE
Undeclared package ‘forecastLSW’ in Rd xrefs
Flavor: r-devel-linux-x86_64-fedora-clang