Last updated on 2025-02-21 02:52:15 CET.
Flavor | Version | Tinstall | Tcheck | Ttotal | Status | Flags |
---|---|---|---|---|---|---|
r-devel-linux-x86_64-debian-clang | 0.5.6 | 5.86 | 50.26 | 56.12 | OK | |
r-devel-linux-x86_64-debian-gcc | 0.5.6 | 4.46 | 35.99 | 40.45 | OK | |
r-devel-linux-x86_64-fedora-clang | 0.5.6 | 94.47 | OK | |||
r-devel-linux-x86_64-fedora-gcc | 0.5.6 | 86.84 | OK | |||
r-devel-macos-arm64 | 0.5.6 | 29.00 | OK | |||
r-devel-macos-x86_64 | 0.5.6 | 59.00 | OK | |||
r-devel-windows-x86_64 | 0.5.6 | 9.00 | 65.00 | 74.00 | OK | |
r-patched-linux-x86_64 | 0.5.6 | 5.65 | 47.71 | 53.36 | NOTE | |
r-release-linux-x86_64 | 0.5.6 | 5.90 | 47.25 | 53.15 | NOTE | |
r-release-macos-arm64 | 0.5.6 | 28.00 | NOTE | |||
r-release-macos-x86_64 | 0.5.6 | 48.00 | NOTE | |||
r-release-windows-x86_64 | 0.5.6 | 8.00 | 64.00 | 72.00 | NOTE | |
r-oldrel-macos-arm64 | 0.5.6 | 31.00 | NOTE | |||
r-oldrel-macos-x86_64 | 0.5.6 | 47.00 | NOTE | |||
r-oldrel-windows-x86_64 | 0.5.6 | 11.00 | 81.00 | 92.00 | NOTE |
Version: 0.5.6
Check: LazyData
Result: NOTE
'LazyData' is specified without a 'data' directory
Flavors: r-patched-linux-x86_64, r-release-linux-x86_64, r-release-macos-arm64, r-release-macos-x86_64, r-release-windows-x86_64, r-oldrel-macos-arm64, r-oldrel-macos-x86_64, r-oldrel-windows-x86_64