Last updated on 2025-05-17 02:53:25 CEST.
Flavor | Version | Tinstall | Tcheck | Ttotal | Status | Flags |
---|---|---|---|---|---|---|
r-devel-linux-x86_64-debian-clang | 1.0-0 | 1.61 | 29.09 | 30.70 | OK | |
r-devel-linux-x86_64-debian-gcc | 1.0-0 | 1.21 | 23.41 | 24.62 | OK | |
r-devel-linux-x86_64-fedora-clang | 1.0-0 | 46.86 | OK | |||
r-devel-linux-x86_64-fedora-gcc | 1.0-0 | 58.32 | OK | |||
r-devel-windows-x86_64 | 1.0-0 | 3.00 | 47.00 | 50.00 | OK | |
r-patched-linux-x86_64 | 1.0-0 | 1.63 | 26.89 | 28.52 | OK | |
r-release-linux-x86_64 | 1.0-0 | 1.58 | 26.42 | 28.00 | OK | |
r-release-macos-arm64 | 1.0-0 | 34.00 | OK | |||
r-release-macos-x86_64 | 1.0-0 | 74.00 | OK | |||
r-release-windows-x86_64 | 1.0-0 | 4.00 | 49.00 | 53.00 | OK | |
r-oldrel-macos-arm64 | 1.0-0 | 24.00 | NOTE | |||
r-oldrel-macos-x86_64 | 1.0-0 | 34.00 | NOTE | |||
r-oldrel-windows-x86_64 | 1.0-0 | 4.00 | 54.00 | 58.00 | NOTE |
Version: 1.0-0
Check: LazyData
Result: NOTE
'LazyData' is specified without a 'data' directory
Flavors: r-oldrel-macos-arm64, r-oldrel-macos-x86_64, r-oldrel-windows-x86_64