Last updated on 2025-02-18 02:50:40 CET.
Flavor | Version | Tinstall | Tcheck | Ttotal | Status | Flags |
---|---|---|---|---|---|---|
r-devel-linux-x86_64-debian-clang | 0.2-14 | 58.22 | 50.78 | 109.00 | OK | |
r-devel-linux-x86_64-debian-gcc | 0.2-14 | 54.20 | 38.49 | 92.69 | OK | |
r-devel-linux-x86_64-fedora-clang | 0.2-14 | 198.78 | OK | |||
r-devel-linux-x86_64-fedora-gcc | 0.2-14 | 236.03 | NOTE | |||
r-devel-macos-arm64 | 0.2-14 | 58.00 | OK | |||
r-devel-macos-x86_64 | 0.2-14 | 85.00 | OK | |||
r-devel-windows-x86_64 | 0.2-14 | 96.00 | 228.00 | 324.00 | OK | |
r-patched-linux-x86_64 | 0.2-14 | 71.20 | 47.70 | 118.90 | OK | |
r-release-linux-x86_64 | 0.2-14 | 71.81 | 47.34 | 119.15 | OK | |
r-release-macos-arm64 | 0.2-14 | 59.00 | NOTE | |||
r-release-macos-x86_64 | 0.2-14 | 63.00 | NOTE | |||
r-release-windows-x86_64 | 0.2-14 | 95.00 | 224.00 | 319.00 | NOTE | |
r-oldrel-macos-arm64 | 0.2-14 | 69.00 | NOTE | |||
r-oldrel-macos-x86_64 | 0.2-14 | 105.00 | NOTE | |||
r-oldrel-windows-x86_64 | 0.2-14 | 111.00 | 251.00 | 362.00 | NOTE |
Version: 0.2-14
Check: tests
Result: NOTE
Running ‘azimuth.R’
Comparing ‘azimuth.Rout’ to ‘azimuth.Rout.save’ ... OK
Running ‘dist.R’
Comparing ‘dist.Rout’ to ‘dist.Rout.save’ ... OK
Running ‘geod.R’
Comparing ‘geod.Rout’ to ‘geod.Rout.save’ ... OK
Running ‘perimeter.R’
Comparing ‘perimeter.Rout’ to ‘perimeter.Rout.save’ ...9c9
< [1] 176215.7 149266.8 199587.9 375136.8 263512.7
---
> [1] 176214.9 149265.4 199586.8 375137.8 263512.6
12c12
< [1] 176215.7 149266.8 199587.9 375136.8 263512.7
---
> [1] 176214.9 149265.4 199586.8 375137.8 263512.6
Running ‘testthat.R’ [5s/13s]
Comparing ‘testthat.Rout’ to ‘testthat.Rout.save’ ... OK
Running ‘twkb.R’
Comparing ‘twkb.Rout’ to ‘twkb.Rout.save’ ... OK
Flavor: r-devel-linux-x86_64-fedora-gcc
Version: 0.2-14
Check: installed package size
Result: NOTE
installed size is 24.4Mb
sub-directories of 1Mb or more:
libs 24.2Mb
Flavors: r-release-macos-arm64, r-release-macos-x86_64, r-release-windows-x86_64, r-oldrel-macos-arm64, r-oldrel-macos-x86_64, r-oldrel-windows-x86_64