Last updated on 2025-02-16 14:50:36 CET.
Flavor | Version | Tinstall | Tcheck | Ttotal | Status | Flags |
---|---|---|---|---|---|---|
r-devel-linux-x86_64-debian-clang | 0.1.0 | 4.64 | 30.54 | 35.18 | OK | |
r-devel-linux-x86_64-debian-gcc | 0.1.0 | 3.47 | 24.36 | 27.83 | OK | |
r-devel-linux-x86_64-fedora-clang | 0.1.0 | 60.29 | NOTE | |||
r-devel-linux-x86_64-fedora-gcc | 0.1.0 | 53.27 | NOTE | |||
r-devel-macos-arm64 | 0.1.0 | 21.00 | OK | |||
r-devel-macos-x86_64 | 0.1.0 | 42.00 | OK | |||
r-devel-windows-x86_64 | 0.1.0 | 6.00 | 52.00 | 58.00 | OK | |
r-patched-linux-x86_64 | 0.1.0 | 3.67 | 29.45 | 33.12 | OK | |
r-release-linux-x86_64 | 0.1.0 | 4.46 | 29.97 | 34.43 | OK | |
r-release-macos-arm64 | 0.1.0 | 22.00 | OK | |||
r-release-macos-x86_64 | 0.1.0 | 37.00 | OK | |||
r-release-windows-x86_64 | 0.1.0 | 6.00 | 51.00 | 57.00 | OK | |
r-oldrel-macos-arm64 | 0.1.0 | 18.00 | OK | |||
r-oldrel-macos-x86_64 | 0.1.0 | 24.00 | OK | |||
r-oldrel-windows-x86_64 | 0.1.0 | 7.00 | 56.00 | 63.00 | OK |
Version: 0.1.0
Check: dependencies in R code
Result: NOTE
Namespaces in Imports field not imported from:
‘rlang’ ‘torch’
All declared Imports should be used.
Flavors: r-devel-linux-x86_64-fedora-clang, r-devel-linux-x86_64-fedora-gcc