Last updated on 2025-02-20 14:50:57 CET.
Flavor | Version | Tinstall | Tcheck | Ttotal | Status | Flags |
---|---|---|---|---|---|---|
r-devel-linux-x86_64-debian-clang | 2.4.5 | 5.82 | 48.54 | 54.36 | NOTE | |
r-devel-linux-x86_64-debian-gcc | 2.4.5 | 4.13 | 33.17 | 37.30 | NOTE | |
r-devel-linux-x86_64-fedora-clang | 2.4.5 | 86.86 | OK | |||
r-devel-linux-x86_64-fedora-gcc | 2.4.5 | 83.18 | OK | |||
r-devel-macos-arm64 | 2.4.5 | 28.00 | OK | |||
r-devel-macos-x86_64 | 2.4.5 | 62.00 | OK | |||
r-devel-windows-x86_64 | 2.4.5 | 8.00 | 71.00 | 79.00 | NOTE | |
r-patched-linux-x86_64 | 2.4.5 | 9.26 | 46.28 | 55.54 | OK | |
r-release-linux-x86_64 | 2.4.5 | 4.77 | 46.08 | 50.85 | OK | |
r-release-macos-arm64 | 2.4.5 | 28.00 | OK | |||
r-release-macos-x86_64 | 2.4.5 | 45.00 | OK | |||
r-release-windows-x86_64 | 2.4.5 | 7.00 | 68.00 | 75.00 | OK | |
r-oldrel-macos-arm64 | 2.4.5 | 33.00 | OK | |||
r-oldrel-macos-x86_64 | 2.4.5 | 54.00 | OK | |||
r-oldrel-windows-x86_64 | 2.4.5 | 10.00 | 74.00 | 84.00 | OK |
Version: 2.4.5
Check: Rd cross-references
Result: NOTE
Found the following Rd file(s) with Rd \link{} targets missing package
anchors:
magerr.Rd: draw.ellipse
magproj.Rd: mapproject, deg2hms, deg2dms
Please provide package anchors for all Rd \link{} targets not in the
package itself and the base packages.
Flavors: r-devel-linux-x86_64-debian-clang, r-devel-linux-x86_64-debian-gcc, r-devel-windows-x86_64