Last updated on 2025-02-18 02:50:40 CET.
Flavor | Version | Tinstall | Tcheck | Ttotal | Status | Flags |
---|---|---|---|---|---|---|
r-devel-linux-x86_64-debian-clang | 2.0 | 17.93 | 272.91 | 290.84 | OK | |
r-devel-linux-x86_64-debian-gcc | 2.0 | 13.32 | 180.53 | 193.85 | OK | |
r-devel-linux-x86_64-fedora-clang | 2.0 | 490.22 | OK | |||
r-devel-linux-x86_64-fedora-gcc | 2.0 | 468.56 | OK | |||
r-devel-macos-arm64 | 2.0 | 142.00 | OK | |||
r-devel-macos-x86_64 | 2.0 | 266.00 | OK | |||
r-devel-windows-x86_64 | 2.0 | 17.00 | 274.00 | 291.00 | OK | |
r-patched-linux-x86_64 | 2.0 | 16.47 | 249.48 | 265.95 | OK | |
r-release-linux-x86_64 | 2.0 | 15.26 | 252.91 | 268.17 | OK | |
r-release-macos-arm64 | 2.0 | 110.00 | NOTE | |||
r-release-macos-x86_64 | 2.0 | 182.00 | NOTE | |||
r-release-windows-x86_64 | 2.0 | 18.00 | 286.00 | 304.00 | NOTE | |
r-oldrel-macos-arm64 | 2.0 | 144.00 | NOTE | |||
r-oldrel-macos-x86_64 | 2.0 | 264.00 | NOTE | |||
r-oldrel-windows-x86_64 | 2.0 | 22.00 | 301.00 | 323.00 | NOTE |
Version: 2.0
Check: installed package size
Result: NOTE
installed size is 7.3Mb
sub-directories of 1Mb or more:
doc 6.9Mb
Flavors: r-release-macos-arm64, r-release-macos-x86_64, r-release-windows-x86_64, r-oldrel-macos-arm64, r-oldrel-macos-x86_64, r-oldrel-windows-x86_64