Last updated on 2024-05-21 14:57:15 CEST.
Flavor | Version | Tinstall | Tcheck | Ttotal | Status | Flags |
---|---|---|---|---|---|---|
r-devel-linux-x86_64-debian-clang | 1.6.0 | 13.11 | 81.89 | 95.00 | OK | |
r-devel-linux-x86_64-debian-gcc | 1.6.0 | 7.78 | 59.52 | 67.30 | OK | |
r-devel-linux-x86_64-fedora-clang | 1.6.0 | 120.97 | OK | |||
r-devel-linux-x86_64-fedora-gcc | 1.6.0 | 122.03 | OK | |||
r-devel-windows-x86_64 | 1.6.0 | 10.00 | 83.00 | 93.00 | OK | |
r-patched-linux-x86_64 | 1.5.0 | 14.59 | 75.03 | 89.62 | NOTE | |
r-release-linux-x86_64 | 1.6.0 | 8.21 | 77.18 | 85.39 | OK | |
r-release-macos-arm64 | 1.6.0 | 64.00 | OK | |||
r-release-macos-x86_64 | 1.6.0 | 101.00 | OK | |||
r-release-windows-x86_64 | 1.6.0 | 11.00 | 86.00 | 97.00 | OK | |
r-oldrel-macos-arm64 | 1.6.0 | 49.00 | OK | |||
r-oldrel-macos-x86_64 | 1.6.0 | 83.00 | OK | |||
r-oldrel-windows-x86_64 | 1.6.0 | 14.00 | 94.00 | 108.00 | OK |
Version: 1.5.0
Check: LazyData
Result: NOTE
'LazyData' is specified without a 'data' directory
Flavor: r-patched-linux-x86_64