Last updated on 2025-05-15 14:48:40 CEST.
Flavor | Version | Tinstall | Tcheck | Ttotal | Status | Flags |
---|---|---|---|---|---|---|
r-devel-linux-x86_64-debian-clang | 3.1 | 13.37 | 117.67 | 131.04 | NOTE | |
r-devel-linux-x86_64-debian-gcc | 3.1 | 10.09 | 85.10 | 95.19 | NOTE | |
r-devel-linux-x86_64-fedora-clang | 3.1 | 208.04 | OK | |||
r-devel-linux-x86_64-fedora-gcc | 3.1 | 208.05 | OK | |||
r-devel-windows-x86_64 | 3.1 | 14.00 | 115.00 | 129.00 | NOTE | |
r-patched-linux-x86_64 | 3.1 | 13.90 | 111.17 | 125.07 | NOTE | |
r-release-linux-x86_64 | 3.1 | 13.77 | 110.33 | 124.10 | NOTE | |
r-release-macos-arm64 | 3.1 | 53.00 | OK | |||
r-release-macos-x86_64 | 3.1 | 96.00 | OK | |||
r-release-windows-x86_64 | 3.1 | 15.00 | 118.00 | 133.00 | NOTE | |
r-oldrel-macos-arm64 | 3.1 | 48.00 | OK | |||
r-oldrel-macos-x86_64 | 3.1 | 105.00 | OK | |||
r-oldrel-windows-x86_64 | 3.1 | 20.00 | 145.00 | 165.00 | OK |
Version: 3.1
Check: Rd cross-references
Result: NOTE
Found the following Rd file(s) with Rd \link{} targets missing package
anchors:
mapStats.Rd: spplot
Please provide package anchors for all Rd \link{} targets not in the
package itself and the base packages.
Flavors: r-devel-linux-x86_64-debian-clang, r-devel-linux-x86_64-debian-gcc, r-devel-windows-x86_64, r-patched-linux-x86_64, r-release-linux-x86_64, r-release-windows-x86_64