Last updated on 2024-05-21 14:57:16 CEST.
Flavor | Version | Tinstall | Tcheck | Ttotal | Status | Flags |
---|---|---|---|---|---|---|
r-devel-linux-x86_64-debian-clang | 2.0.0 | 6.85 | 37.61 | 44.46 | OK | |
r-devel-linux-x86_64-debian-gcc | 2.0.0 | 5.18 | 28.80 | 33.98 | OK | |
r-devel-linux-x86_64-fedora-clang | 2.0.0 | 55.69 | NOTE | |||
r-devel-linux-x86_64-fedora-gcc | 2.0.0 | 54.69 | NOTE | |||
r-devel-windows-x86_64 | 2.0.0 | 6.00 | 49.00 | 55.00 | OK | |
r-patched-linux-x86_64 | 2.0.0 | 6.13 | 36.31 | 42.44 | OK | |
r-release-linux-x86_64 | 2.0.0 | 4.93 | 36.72 | 41.65 | OK | |
r-release-macos-arm64 | 2.0.0 | 21.00 | OK | |||
r-release-windows-x86_64 | 2.0.0 | 7.00 | 49.00 | 56.00 | OK | |
r-oldrel-macos-arm64 | 2.0.0 | 24.00 | OK | |||
r-oldrel-macos-x86_64 | 2.0.0 | 34.00 | OK | |||
r-oldrel-windows-x86_64 | 2.0.0 | 8.00 | 54.00 | 62.00 | OK |
Version: 2.0.0
Check: data for non-ASCII characters
Result: NOTE
Note: found 1810 marked UTF-8 strings
Flavors: r-devel-linux-x86_64-fedora-clang, r-devel-linux-x86_64-fedora-gcc