CRAN Package Check Results for Package marg

Last updated on 2025-02-18 02:50:40 CET.

Flavor Version Tinstall Tcheck Ttotal Status Flags
r-devel-linux-x86_64-debian-clang 1.2-2.1 10.03 71.38 81.41 NOTE
r-devel-linux-x86_64-debian-gcc 1.2-2.1 7.09 51.97 59.06 NOTE
r-devel-linux-x86_64-fedora-clang 1.2-2.1 130.29 NOTE
r-devel-linux-x86_64-fedora-gcc 1.2-2.1 133.12 NOTE
r-devel-macos-arm64 1.2-2.1 37.00 NOTE
r-devel-macos-x86_64 1.2-2.1 67.00 NOTE
r-devel-windows-x86_64 1.2-2.1 10.00 102.00 112.00 NOTE
r-patched-linux-x86_64 1.2-2.1 10.08 67.90 77.98 NOTE
r-release-linux-x86_64 1.2-2.1 9.17 67.71 76.88 NOTE
r-release-macos-arm64 1.2-2.1 37.00 NOTE
r-release-macos-x86_64 1.2-2.1 55.00 NOTE
r-release-windows-x86_64 1.2-2.1 11.00 96.00 107.00 NOTE
r-oldrel-macos-arm64 1.2-2.1 40.00 NOTE
r-oldrel-macos-x86_64 1.2-2.1 66.00 NOTE
r-oldrel-windows-x86_64 1.2-2.1 14.00 131.00 145.00 NOTE

Check Details

Version: 1.2-2.1
Check: Rd files
Result: NOTE checkRd: (-1) residuals.rsm.Rd:74: Escaped LaTeX specials: \& Flavors: r-devel-linux-x86_64-debian-clang, r-devel-linux-x86_64-debian-gcc, r-devel-linux-x86_64-fedora-clang, r-devel-linux-x86_64-fedora-gcc, r-devel-macos-arm64, r-devel-macos-x86_64, r-devel-windows-x86_64, r-patched-linux-x86_64, r-release-linux-x86_64, r-release-macos-arm64, r-release-macos-x86_64, r-release-windows-x86_64, r-oldrel-macos-arm64, r-oldrel-macos-x86_64, r-oldrel-windows-x86_64

Version: 1.2-2.1
Check: Rd cross-references
Result: NOTE Found the following Rd file(s) with Rd \link{} targets missing package anchors: rsm.Rd: survreg.fit rsm.surv.Rd: survreg.fit Please provide package anchors for all Rd \link{} targets not in the package itself and the base packages. Flavors: r-devel-linux-x86_64-debian-clang, r-devel-linux-x86_64-debian-gcc, r-devel-windows-x86_64

Version: 1.2-2.1
Check: package dependencies
Result: NOTE Packages suggested but not available for checking: 'csampling', 'nlreg' Flavor: r-oldrel-macos-x86_64