Last updated on 2025-02-21 02:52:15 CET.
Flavor | Version | Tinstall | Tcheck | Ttotal | Status | Flags |
---|---|---|---|---|---|---|
r-devel-linux-x86_64-debian-clang | 0.1.4 | 41.73 | 126.22 | 167.95 | NOTE | |
r-devel-linux-x86_64-debian-gcc | 0.1.4 | 35.06 | 86.60 | 121.66 | NOTE | |
r-devel-linux-x86_64-fedora-clang | 0.1.4 | 275.39 | NOTE | |||
r-devel-linux-x86_64-fedora-gcc | 0.1.4 | 285.41 | NOTE | |||
r-devel-macos-arm64 | 0.1.4 | 82.00 | OK | |||
r-devel-macos-x86_64 | 0.1.4 | 147.00 | NOTE | |||
r-devel-windows-x86_64 | 0.1.4 | 44.00 | 118.00 | 162.00 | NOTE | |
r-patched-linux-x86_64 | 0.1.4 | 41.26 | 116.54 | 157.80 | OK | |
r-release-linux-x86_64 | 0.1.4 | 41.73 | 116.61 | 158.34 | OK | |
r-release-macos-arm64 | 0.1.4 | 81.00 | OK | |||
r-release-macos-x86_64 | 0.1.4 | 108.00 | OK | |||
r-release-windows-x86_64 | 0.1.4 | 44.00 | 125.00 | 169.00 | OK | |
r-oldrel-macos-arm64 | 0.1.4 | 86.00 | OK | |||
r-oldrel-macos-x86_64 | 0.1.4 | 112.00 | OK | |||
r-oldrel-windows-x86_64 | 0.1.4 | 57.00 | 158.00 | 215.00 | OK |
Version: 0.1.4
Check: DESCRIPTION meta-information
Result: NOTE
Missing dependency on R >= 4.1.0 because package code uses the pipe
|> or function shorthand \(...) syntax added in R 4.1.0.
File(s) using such syntax:
‘data_analysis_descriptive.R’ ‘functions.R’ ‘main.R’
‘merge_quality_articles.R’
Flavors: r-devel-linux-x86_64-debian-clang, r-devel-linux-x86_64-debian-gcc, r-devel-linux-x86_64-fedora-clang, r-devel-linux-x86_64-fedora-gcc, r-devel-macos-x86_64, r-devel-windows-x86_64