CRAN Package Check Results for Package marketr

Last updated on 2025-02-21 02:52:15 CET.

Flavor Version Tinstall Tcheck Ttotal Status Flags
r-devel-linux-x86_64-debian-clang 0.0.2 3.97 40.90 44.87 OK
r-devel-linux-x86_64-debian-gcc 0.0.2 2.90 29.49 32.39 OK
r-devel-linux-x86_64-fedora-clang 0.0.2 71.23 OK
r-devel-linux-x86_64-fedora-gcc 0.0.2 89.89 OK
r-devel-macos-arm64 0.0.2 31.00 OK
r-devel-macos-x86_64 0.0.2 55.00 OK
r-devel-windows-x86_64 0.0.2 6.00 69.00 75.00 OK
r-patched-linux-x86_64 0.0.2 3.67 37.70 41.37 NOTE
r-release-linux-x86_64 0.0.2 4.09 37.78 41.87 NOTE
r-release-macos-arm64 0.0.2 29.00 NOTE
r-release-macos-x86_64 0.0.2 43.00 NOTE
r-release-windows-x86_64 0.0.2 5.00 58.00 63.00 NOTE
r-oldrel-macos-arm64 0.0.2 29.00 NOTE
r-oldrel-macos-x86_64 0.0.2 38.00 NOTE
r-oldrel-windows-x86_64 0.0.2 7.00 64.00 71.00 NOTE

Check Details

Version: 0.0.2
Check: LazyData
Result: NOTE 'LazyData' is specified without a 'data' directory Flavors: r-patched-linux-x86_64, r-release-linux-x86_64, r-release-macos-arm64, r-release-macos-x86_64, r-release-windows-x86_64, r-oldrel-macos-arm64, r-oldrel-macos-x86_64, r-oldrel-windows-x86_64