Last updated on 2025-02-18 02:50:40 CET.
Flavor | Version | Tinstall | Tcheck | Ttotal | Status | Flags |
---|---|---|---|---|---|---|
r-devel-linux-x86_64-debian-clang | 1.1.5 | 64.92 | 216.13 | 281.05 | OK | |
r-devel-linux-x86_64-debian-gcc | 1.1.5 | 42.52 | 139.11 | 181.63 | OK | |
r-devel-linux-x86_64-fedora-clang | 1.1.5 | 472.02 | OK | |||
r-devel-linux-x86_64-fedora-gcc | 1.1.5 | 513.24 | OK | |||
r-devel-macos-arm64 | 1.1.5 | 143.00 | OK | |||
r-devel-macos-x86_64 | 1.1.5 | 318.00 | OK | |||
r-devel-windows-x86_64 | 1.1.5 | 56.00 | 277.00 | 333.00 | OK | |
r-patched-linux-x86_64 | 1.1.5 | 62.07 | 202.74 | 264.81 | OK | |
r-release-linux-x86_64 | 1.1.5 | 66.70 | 203.60 | 270.30 | OK | |
r-release-macos-arm64 | 1.1.5 | 83.00 | NOTE | |||
r-release-macos-x86_64 | 1.1.5 | 151.00 | NOTE | |||
r-release-windows-x86_64 | 1.1.5 | 59.00 | 283.00 | 342.00 | OK | |
r-oldrel-macos-arm64 | 1.1.5 | 143.00 | NOTE | |||
r-oldrel-macos-x86_64 | 1.1.5 | 322.00 | NOTE | |||
r-oldrel-windows-x86_64 | 1.1.5 | 76.00 | 377.00 | 453.00 | OK |
Version: 1.1.5
Check: installed package size
Result: NOTE
installed size is 5.3Mb
sub-directories of 1Mb or more:
libs 3.5Mb
Flavors: r-release-macos-arm64, r-release-macos-x86_64, r-oldrel-macos-arm64, r-oldrel-macos-x86_64