Last updated on 2025-05-19 14:49:32 CEST.
Flavor | Version | Tinstall | Tcheck | Ttotal | Status | Flags |
---|---|---|---|---|---|---|
r-devel-linux-x86_64-debian-clang | 1.0.9 | 30.50 | 94.73 | 125.23 | NOTE | |
r-devel-linux-x86_64-debian-gcc | 1.0.9 | 23.23 | 68.57 | 91.80 | NOTE | |
r-devel-linux-x86_64-fedora-clang | 1.0.9 | 211.62 | OK | |||
r-devel-linux-x86_64-fedora-gcc | 1.0.9 | 370.62 | OK | |||
r-devel-windows-x86_64 | 1.0.9 | 40.00 | 134.00 | 174.00 | OK | |
r-patched-linux-x86_64 | 1.0.9 | 31.46 | 91.14 | 122.60 | OK | |
r-release-linux-x86_64 | 1.0.9 | 31.53 | 90.35 | 121.88 | OK | |
r-release-macos-arm64 | 1.0.9 | 108.00 | OK | |||
r-release-macos-x86_64 | 1.0.9 | 220.00 | OK | |||
r-release-windows-x86_64 | 1.0.9 | 38.00 | 130.00 | 168.00 | OK | |
r-oldrel-macos-arm64 | 1.0.9 | 91.00 | OK | |||
r-oldrel-macos-x86_64 | 1.0.9 | 150.00 | OK | |||
r-oldrel-windows-x86_64 | 1.0.9 | 45.00 | 149.00 | 194.00 | OK |
Version: 1.0.9
Check: CRAN incoming feasibility
Result: NOTE
Maintainer: ‘Utkarsh J. Dang <utkarshdang@cunet.carleton.ca>’
No Authors@R field in DESCRIPTION.
Please add one, modifying
Authors@R: c(person(given = c("Utkarsh", "J."),
family = "Dang",
role = c("aut", "cre"),
email = "utkarshdang@cunet.carleton.ca"),
person(given = c("G.", "Brian"),
family = "Golding",
role = "aut"))
as necessary.
Flavors: r-devel-linux-x86_64-debian-clang, r-devel-linux-x86_64-debian-gcc