Last updated on 2025-02-20 14:50:57 CET.
Flavor | Version | Tinstall | Tcheck | Ttotal | Status | Flags |
---|---|---|---|---|---|---|
r-devel-linux-x86_64-debian-clang | 0.3 | 77.43 | 27.50 | 104.93 | OK | |
r-devel-linux-x86_64-debian-gcc | 0.3 | 70.44 | 29.13 | 99.57 | OK | |
r-devel-linux-x86_64-fedora-clang | 0.3 | 166.12 | OK | |||
r-devel-linux-x86_64-fedora-gcc | 0.3 | 242.85 | OK | |||
r-devel-macos-arm64 | 0.3 | 49.00 | OK | |||
r-devel-macos-x86_64 | 0.3 | 126.00 | OK | |||
r-devel-windows-x86_64 | 0.3 | 73.00 | 71.00 | 144.00 | OK | |
r-patched-linux-x86_64 | 0.3 | 93.17 | 35.40 | 128.57 | OK | |
r-release-linux-x86_64 | 0.3 | 90.95 | 35.61 | 126.56 | OK | |
r-release-macos-arm64 | 0.3 | 53.00 | NOTE | |||
r-release-macos-x86_64 | 0.3 | 96.00 | NOTE | |||
r-release-windows-x86_64 | 0.3 | 75.00 | 72.00 | 147.00 | OK | |
r-oldrel-macos-arm64 | 0.3 | 56.00 | NOTE | |||
r-oldrel-macos-x86_64 | 0.3 | 131.00 | NOTE | |||
r-oldrel-windows-x86_64 | 0.3 | 98.00 | 77.00 | 175.00 | OK |
Version: 0.3
Check: installed package size
Result: NOTE
installed size is 49.1Mb
sub-directories of 1Mb or more:
libs 48.8Mb
Flavors: r-release-macos-arm64, r-release-macos-x86_64, r-oldrel-macos-arm64, r-oldrel-macos-x86_64