Last updated on 2025-02-16 14:50:36 CET.
Flavor | Version | Tinstall | Tcheck | Ttotal | Status | Flags |
---|---|---|---|---|---|---|
r-devel-linux-x86_64-debian-clang | 0.1.0 | 2.87 | 26.25 | 29.12 | NOTE | |
r-devel-linux-x86_64-debian-gcc | 0.1.0 | 2.21 | 20.16 | 22.37 | NOTE | |
r-devel-linux-x86_64-fedora-clang | 0.1.0 | 47.33 | NOTE | |||
r-devel-linux-x86_64-fedora-gcc | 0.1.0 | 47.87 | NOTE | |||
r-devel-macos-arm64 | 0.1.0 | 18.00 | NOTE | |||
r-devel-macos-x86_64 | 0.1.0 | 42.00 | NOTE | |||
r-devel-windows-x86_64 | 0.1.0 | 5.00 | 53.00 | 58.00 | NOTE | |
r-patched-linux-x86_64 | 0.1.0 | 3.34 | 25.17 | 28.51 | NOTE | |
r-release-linux-x86_64 | 0.1.0 | 2.52 | 25.13 | 27.65 | NOTE | |
r-release-macos-arm64 | 0.1.0 | 18.00 | NOTE | |||
r-release-macos-x86_64 | 0.1.0 | 31.00 | NOTE | |||
r-release-windows-x86_64 | 0.1.0 | 4.00 | 69.00 | 73.00 | NOTE | |
r-oldrel-macos-arm64 | 0.1.0 | 27.00 | OK | |||
r-oldrel-macos-x86_64 | 0.1.0 | 26.00 | OK | |||
r-oldrel-windows-x86_64 | 0.1.0 | 5.00 | 50.00 | 55.00 | OK |
Version: 0.1.0
Check: Rd files
Result: NOTE
checkRd: (-1) Match.Rd:90: Lost braces; missing escapes or markup?
90 | expression in braces. For example, the condition "{[ab]*}" is equivalent
| ^
Flavors: r-devel-linux-x86_64-debian-clang, r-devel-linux-x86_64-debian-gcc, r-devel-linux-x86_64-fedora-clang, r-devel-linux-x86_64-fedora-gcc, r-devel-macos-arm64, r-devel-macos-x86_64, r-devel-windows-x86_64, r-patched-linux-x86_64, r-release-linux-x86_64, r-release-macos-arm64, r-release-macos-x86_64, r-release-windows-x86_64