CRAN Package Check Results for Package mbend

Last updated on 2025-02-21 02:52:16 CET.

Flavor Version Tinstall Tcheck Ttotal Status Flags
r-devel-linux-x86_64-debian-clang 1.3.1 1.55 22.88 24.43 OK
r-devel-linux-x86_64-debian-gcc 1.3.1 1.27 18.17 19.44 OK
r-devel-linux-x86_64-fedora-clang 1.3.1 39.82 OK
r-devel-linux-x86_64-fedora-gcc 1.3.1 55.89 OK
r-devel-macos-arm64 1.3.1 20.00 OK
r-devel-macos-x86_64 1.3.1 42.00 OK
r-devel-windows-x86_64 1.3.1 3.00 44.00 47.00 OK
r-patched-linux-x86_64 1.3.1 1.64 21.54 23.18 NOTE
r-release-linux-x86_64 1.3.1 1.47 21.60 23.07 NOTE
r-release-macos-arm64 1.3.1 21.00 NOTE
r-release-macos-x86_64 1.3.1 35.00 NOTE
r-release-windows-x86_64 1.3.1 3.00 44.00 47.00 NOTE
r-oldrel-macos-arm64 1.3.1 23.00 NOTE
r-oldrel-macos-x86_64 1.3.1 31.00 NOTE
r-oldrel-windows-x86_64 1.3.1 2.00 44.00 46.00 NOTE

Check Details

Version: 1.3.1
Check: LazyData
Result: NOTE 'LazyData' is specified without a 'data' directory Flavors: r-patched-linux-x86_64, r-release-linux-x86_64, r-release-macos-arm64, r-release-macos-x86_64, r-release-windows-x86_64, r-oldrel-macos-arm64, r-oldrel-macos-x86_64, r-oldrel-windows-x86_64