CRAN Package Check Results for Package mekko

Last updated on 2025-02-21 02:52:18 CET.

Flavor Version Tinstall Tcheck Ttotal Status Flags
r-devel-linux-x86_64-debian-clang 0.1.0 1.73 27.88 29.61 OK
r-devel-linux-x86_64-debian-gcc 0.1.0 1.24 22.33 23.57 OK
r-devel-linux-x86_64-fedora-clang 0.1.0 48.41 OK
r-devel-linux-x86_64-fedora-gcc 0.1.0 66.87 OK
r-devel-macos-arm64 0.1.0 26.00 OK
r-devel-macos-x86_64 0.1.0 44.00 OK
r-devel-windows-x86_64 0.1.0 3.00 53.00 56.00 OK
r-patched-linux-x86_64 0.1.0 1.25 26.30 27.55 NOTE
r-release-linux-x86_64 0.1.0 1.67 26.60 28.27 NOTE
r-release-macos-arm64 0.1.0 25.00 NOTE
r-release-macos-x86_64 0.1.0 38.00 NOTE
r-release-windows-x86_64 0.1.0 3.00 53.00 56.00 NOTE
r-oldrel-macos-arm64 0.1.0 25.00 NOTE
r-oldrel-macos-x86_64 0.1.0 35.00 NOTE
r-oldrel-windows-x86_64 0.1.0 4.00 75.00 79.00 NOTE

Check Details

Version: 0.1.0
Check: LazyData
Result: NOTE 'LazyData' is specified without a 'data' directory Flavors: r-patched-linux-x86_64, r-release-linux-x86_64, r-release-macos-arm64, r-release-macos-x86_64, r-release-windows-x86_64, r-oldrel-macos-arm64, r-oldrel-macos-x86_64, r-oldrel-windows-x86_64