Last updated on 2025-02-21 02:52:18 CET.
Flavor | Version | Tinstall | Tcheck | Ttotal | Status | Flags |
---|---|---|---|---|---|---|
r-devel-linux-x86_64-debian-clang | 1.0.1 | 3.35 | 32.17 | 35.52 | NOTE | |
r-devel-linux-x86_64-debian-gcc | 1.0.1 | 2.49 | 24.92 | 27.41 | NOTE | |
r-devel-linux-x86_64-fedora-clang | 1.0.1 | 59.67 | NOTE | |||
r-devel-linux-x86_64-fedora-gcc | 1.0.1 | 104.00 | NOTE | |||
r-devel-macos-arm64 | 1.0.1 | 49.00 | NOTE | |||
r-devel-macos-x86_64 | 1.0.1 | 77.00 | NOTE | |||
r-devel-windows-x86_64 | 1.0.1 | 5.00 | 70.00 | 75.00 | NOTE | |
r-patched-linux-x86_64 | 1.0.1 | 3.88 | 30.45 | 34.33 | NOTE | |
r-release-linux-x86_64 | 1.0.1 | 3.27 | 30.71 | 33.98 | NOTE | |
r-release-macos-arm64 | 1.0.1 | 52.00 | NOTE | |||
r-release-macos-x86_64 | 1.0.1 | 77.00 | NOTE | |||
r-release-windows-x86_64 | 1.0.1 | 5.00 | 64.00 | 69.00 | NOTE | |
r-oldrel-macos-arm64 | 1.0.1 | 54.00 | NOTE | |||
r-oldrel-macos-x86_64 | 1.0.1 | 76.00 | NOTE | |||
r-oldrel-windows-x86_64 | 1.0.1 | 6.00 | 62.00 | 68.00 | NOTE |
Version: 1.0.1
Check: package subdirectories
Result: NOTE
Problems with news in ‘NEWS.md’:
No news entries found.
Flavors: r-devel-linux-x86_64-debian-clang, r-devel-linux-x86_64-debian-gcc, r-devel-linux-x86_64-fedora-clang, r-devel-linux-x86_64-fedora-gcc, r-devel-macos-arm64, r-devel-macos-x86_64, r-devel-windows-x86_64, r-patched-linux-x86_64, r-release-linux-x86_64, r-release-macos-arm64, r-release-macos-x86_64, r-release-windows-x86_64, r-oldrel-macos-arm64, r-oldrel-macos-x86_64, r-oldrel-windows-x86_64
Version: 1.0.1
Check: LazyData
Result: NOTE
'LazyData' is specified without a 'data' directory
Flavors: r-patched-linux-x86_64, r-release-linux-x86_64, r-release-macos-arm64, r-release-macos-x86_64, r-release-windows-x86_64, r-oldrel-macos-arm64, r-oldrel-macos-x86_64, r-oldrel-windows-x86_64