Last updated on 2024-05-21 14:57:16 CEST.
Flavor | Version | Tinstall | Tcheck | Ttotal | Status | Flags |
---|---|---|---|---|---|---|
r-devel-linux-x86_64-debian-clang | 1.18.0 | 45.67 | 356.25 | 401.92 | NOTE | |
r-devel-linux-x86_64-debian-gcc | 1.18.0 | 34.82 | 259.19 | 294.01 | NOTE | |
r-devel-linux-x86_64-fedora-clang | 1.18.0 | 502.33 | NOTE | |||
r-devel-linux-x86_64-fedora-gcc | 1.18.0 | 493.05 | NOTE | |||
r-devel-windows-x86_64 | 1.18.0 | 41.00 | 284.00 | 325.00 | NOTE | |
r-patched-linux-x86_64 | 1.18.0 | 49.54 | 334.05 | 383.59 | NOTE | |
r-release-linux-x86_64 | 1.18.0 | 38.88 | 348.03 | 386.91 | NOTE | |
r-release-macos-arm64 | 1.18.0 | 117.00 | NOTE | |||
r-release-windows-x86_64 | 1.18.0 | 41.00 | 287.00 | 328.00 | NOTE | |
r-oldrel-macos-arm64 | 1.18.0 | 157.00 | OK | |||
r-oldrel-macos-x86_64 | 1.18.0 | 262.00 | OK | |||
r-oldrel-windows-x86_64 | 1.18.0 | 52.00 | 371.00 | 423.00 | OK |
Version: 1.18.0
Check: Rd files
Result: NOTE
checkRd: (-1) blup_indexes.Rd:98: Lost braces
98 | Olivoto, T., A.D.C. L{\'{u}}cio, J.A.G. da silva, V.S. Marchioro, V.Q. de
| ^
checkRd: (-1) blup_indexes.Rd:98: Lost braces
98 | Olivoto, T., A.D.C. L{\'{u}}cio, J.A.G. da silva, V.S. Marchioro, V.Q. de
| ^
checkRd: (-1) cv_ammi.Rd:104: Lost braces
104 | Olivoto, T., A.D.C. L{\'{u}}cio, J.A.G. da silva, V.S. Marchioro,
| ^
checkRd: (-1) cv_ammi.Rd:104: Lost braces
104 | Olivoto, T., A.D.C. L{\'{u}}cio, J.A.G. da silva, V.S. Marchioro,
| ^
checkRd: (-1) cv_blup.Rd:121: Lost braces
121 | Olivoto, T., A.D.C. L{\'{u}}cio, J.A.G. da silva, V.S. Marchioro,
| ^
checkRd: (-1) cv_blup.Rd:121: Lost braces
121 | Olivoto, T., A.D.C. L{\'{u}}cio, J.A.G. da silva, V.S. Marchioro,
| ^
checkRd: (-1) gamem_met.Rd:177: Lost braces
177 | Olivoto, T., A.D.C. L{\'{u}}cio, J.A.G. da silva, V.S. Marchioro, V.Q. de
| ^
checkRd: (-1) gamem_met.Rd:177: Lost braces
177 | Olivoto, T., A.D.C. L{\'{u}}cio, J.A.G. da silva, V.S. Marchioro, V.Q. de
| ^
checkRd: (-1) ge_stats.Rd:143: Lost braces
143 | Olivoto, T., A.D.C. L{\'{u}}cio, J.A.G. da silva, V.S. Marchioro, V.Q. de
| ^
checkRd: (-1) ge_stats.Rd:143: Lost braces
143 | Olivoto, T., A.D.C. L{\'{u}}cio, J.A.G. da silva, V.S. Marchioro, V.Q. de
| ^
checkRd: (-1) get_model_data.Rd:378: Lost braces
378 | Olivoto, T., A.D.C. L{\'{u}}cio, J.A.G. da silva, V.S. Marchioro, V.Q. de
| ^
checkRd: (-1) get_model_data.Rd:378: Lost braces
378 | Olivoto, T., A.D.C. L{\'{u}}cio, J.A.G. da silva, V.S. Marchioro, V.Q. de
| ^
checkRd: (-1) get_model_data.Rd:384: Lost braces
384 | Olivoto, T., A.D.C. L{\'{u}}cio, J.A.G. da silva, B.G. Sari, and M.I. Diel.
| ^
checkRd: (-1) get_model_data.Rd:384: Lost braces
384 | Olivoto, T., A.D.C. L{\'{u}}cio, J.A.G. da silva, B.G. Sari, and M.I. Diel.
| ^
checkRd: (-1) mps.Rd:179: Lost braces
179 | Olivoto, T., A.D.C. L{\'{u}}cio, J.A.G. da silva, V.S. Marchioro, V.Q. de
| ^
checkRd: (-1) mps.Rd:179: Lost braces
179 | Olivoto, T., A.D.C. L{\'{u}}cio, J.A.G. da silva, V.S. Marchioro, V.Q. de
| ^
checkRd: (-1) mtmps.Rd:108: Lost braces
108 | Olivoto, T., A.D.C. L{\'{u}}cio, J.A.G. da silva, B.G. Sari, and
| ^
checkRd: (-1) mtmps.Rd:108: Lost braces
108 | Olivoto, T., A.D.C. L{\'{u}}cio, J.A.G. da silva, B.G. Sari, and
| ^
checkRd: (-1) mtsi.Rd:128: Lost braces
128 | Olivoto, T., A.D.C. L{\'{u}}cio, J.A.G. da silva, B.G. Sari, and
| ^
checkRd: (-1) mtsi.Rd:128: Lost braces
128 | Olivoto, T., A.D.C. L{\'{u}}cio, J.A.G. da silva, B.G. Sari, and
| ^
checkRd: (-1) plot.mtmps.Rd:112: Lost braces
112 | Olivoto, T., A.D.C. L{\'{u}}cio, J.A.G. da silva, B.G. Sari, and M.I. Diel. 2019. Mean performance and stability in multi-environment trials II: Selection based on multiple traits. Agron. J. (in press).
| ^
checkRd: (-1) plot.mtmps.Rd:112: Lost braces
112 | Olivoto, T., A.D.C. L{\'{u}}cio, J.A.G. da silva, B.G. Sari, and M.I. Diel. 2019. Mean performance and stability in multi-environment trials II: Selection based on multiple traits. Agron. J. (in press).
| ^
checkRd: (-1) plot.mtsi.Rd:107: Lost braces
107 | Olivoto, T., A.D.C. L{\'{u}}cio, J.A.G. da silva, B.G. Sari, and M.I. Diel. 2019. Mean performance and stability in multi-environment trials II: Selection based on multiple traits. Agron. J. (in press).
| ^
checkRd: (-1) plot.mtsi.Rd:107: Lost braces
107 | Olivoto, T., A.D.C. L{\'{u}}cio, J.A.G. da silva, B.G. Sari, and M.I. Diel. 2019. Mean performance and stability in multi-environment trials II: Selection based on multiple traits. Agron. J. (in press).
| ^
checkRd: (-1) plot_scores.Rd:274: Lost braces
274 | Olivoto, T., A.D.C. L{\'{u}}cio, J.A.G. da silva, V.S. Marchioro, V.Q. de
| ^
checkRd: (-1) plot_scores.Rd:274: Lost braces
274 | Olivoto, T., A.D.C. L{\'{u}}cio, J.A.G. da silva, V.S. Marchioro, V.Q. de
| ^
checkRd: (-1) waas.Rd:125: Lost braces
125 | override the number of significant axes according to the argument code{prob}.
| ^
checkRd: (-1) waas.Rd:191: Lost braces
191 | Olivoto, T., A.D.C. L{\'{u}}cio, J.A.G. da silva, V.S. Marchioro,
| ^
checkRd: (-1) waas.Rd:191: Lost braces
191 | Olivoto, T., A.D.C. L{\'{u}}cio, J.A.G. da silva, V.S. Marchioro,
| ^
checkRd: (-1) waas_means.Rd:116: Lost braces
116 | Olivoto, T., A.D.C. L{\'{u}}cio, J.A.G. da silva, V.S. Marchioro, V.Q. de
| ^
checkRd: (-1) waas_means.Rd:116: Lost braces
116 | Olivoto, T., A.D.C. L{\'{u}}cio, J.A.G. da silva, V.S. Marchioro, V.Q. de
| ^
checkRd: (-1) waasb.Rd:253: Lost braces
253 | Olivoto, T., A.D.C. L{\'{u}}cio, J.A.G. da silva, V.S. Marchioro, V.Q. de
| ^
checkRd: (-1) waasb.Rd:253: Lost braces
253 | Olivoto, T., A.D.C. L{\'{u}}cio, J.A.G. da silva, V.S. Marchioro, V.Q. de
| ^
checkRd: (-1) wsmp.Rd:92: Lost braces
92 | Olivoto, T., A.D.C. L{\'{u}}cio, J.A.G. da silva, V.S. Marchioro, V.Q. de
| ^
checkRd: (-1) wsmp.Rd:92: Lost braces
92 | Olivoto, T., A.D.C. L{\'{u}}cio, J.A.G. da silva, V.S. Marchioro, V.Q. de
| ^
Flavors: r-devel-linux-x86_64-debian-clang, r-devel-linux-x86_64-debian-gcc, r-devel-linux-x86_64-fedora-clang, r-devel-linux-x86_64-fedora-gcc, r-devel-windows-x86_64, r-patched-linux-x86_64, r-release-linux-x86_64, r-release-macos-arm64, r-release-windows-x86_64