Last updated on 2025-02-18 02:50:42 CET.
Flavor | Version | Tinstall | Tcheck | Ttotal | Status | Flags |
---|---|---|---|---|---|---|
r-devel-linux-x86_64-debian-clang | 0.3 | 354.79 | 64.54 | 419.33 | OK | |
r-devel-linux-x86_64-debian-gcc | 0.3 | 262.97 | 47.87 | 310.84 | OK | |
r-devel-linux-x86_64-fedora-clang | 0.3 | 737.22 | OK | |||
r-devel-linux-x86_64-fedora-gcc | 0.3 | 905.07 | OK | |||
r-devel-macos-arm64 | 0.3 | 132.00 | OK | |||
r-devel-macos-x86_64 | 0.3 | 147.00 | OK | |||
r-devel-windows-x86_64 | 0.3 | 333.00 | 110.00 | 443.00 | OK | |
r-patched-linux-x86_64 | 0.3 | 349.12 | 62.73 | 411.85 | OK | |
r-release-linux-x86_64 | 0.3 | 361.32 | 62.51 | 423.83 | OK | |
r-release-macos-arm64 | 0.3 | 138.00 | NOTE | |||
r-release-macos-x86_64 | 0.3 | 121.00 | NOTE | |||
r-release-windows-x86_64 | 0.3 | 339.00 | 109.00 | 448.00 | OK | |
r-oldrel-macos-arm64 | 0.3 | 186.00 | NOTE | |||
r-oldrel-macos-x86_64 | 0.3 | 190.00 | NOTE | |||
r-oldrel-windows-x86_64 | 0.3 | 417.00 | 155.00 | 572.00 | OK |
Version: 0.3
Check: installed package size
Result: NOTE
installed size is 20.4Mb
sub-directories of 1Mb or more:
libs 20.0Mb
Flavors: r-release-macos-arm64, r-release-macos-x86_64, r-oldrel-macos-arm64, r-oldrel-macos-x86_64