Last updated on 2025-02-21 02:52:18 CET.
Flavor | Version | Tinstall | Tcheck | Ttotal | Status | Flags |
---|---|---|---|---|---|---|
r-devel-linux-x86_64-debian-clang | 1.2.0 | 12.29 | 106.78 | 119.07 | NOTE | |
r-devel-linux-x86_64-debian-gcc | 1.2.0 | 8.32 | 77.50 | 85.82 | NOTE | |
r-devel-linux-x86_64-fedora-clang | 1.2.0 | 189.50 | OK | |||
r-devel-linux-x86_64-fedora-gcc | 1.2.0 | 200.95 | OK | |||
r-devel-macos-arm64 | 1.2.0 | 59.00 | OK | |||
r-devel-macos-x86_64 | 1.2.0 | 119.00 | OK | |||
r-devel-windows-x86_64 | 1.2.0 | 12.00 | 109.00 | 121.00 | NOTE | |
r-patched-linux-x86_64 | 1.2.0 | 16.52 | 99.82 | 116.34 | OK | |
r-release-linux-x86_64 | 1.2.0 | 10.98 | 99.28 | 110.26 | OK | |
r-release-macos-arm64 | 1.2.0 | 57.00 | OK | |||
r-release-macos-x86_64 | 1.2.0 | 81.00 | OK | |||
r-release-windows-x86_64 | 1.2.0 | 13.00 | 107.00 | 120.00 | OK | |
r-oldrel-macos-arm64 | 1.2.0 | 54.00 | OK | |||
r-oldrel-macos-x86_64 | 1.2.0 | 103.00 | OK | |||
r-oldrel-windows-x86_64 | 1.2.0 | 16.00 | 131.00 | 147.00 | OK |
Version: 1.2.0
Check: Rd cross-references
Result: NOTE
Found the following Rd file(s) with Rd \link{} targets missing package
anchors:
forest.metarep.Rd: forest.meta
Please provide package anchors for all Rd \link{} targets not in the
package itself and the base packages.
Flavors: r-devel-linux-x86_64-debian-clang, r-devel-linux-x86_64-debian-gcc, r-devel-windows-x86_64