Last updated on 2025-02-21 02:52:18 CET.
Flavor | Version | Tinstall | Tcheck | Ttotal | Status | Flags |
---|---|---|---|---|---|---|
r-devel-linux-x86_64-debian-clang | 2.0.2 | 32.75 | 403.35 | 436.10 | OK | |
r-devel-linux-x86_64-debian-gcc | 2.0.2 | 16.29 | 247.47 | 263.76 | OK | |
r-devel-linux-x86_64-fedora-clang | 2.0.2 | 703.33 | NOTE | |||
r-devel-linux-x86_64-fedora-gcc | 2.0.2 | 744.80 | NOTE | |||
r-devel-macos-arm64 | 2.0.2 | 148.00 | OK | |||
r-devel-macos-x86_64 | 2.0.2 | 335.00 | OK | |||
r-devel-windows-x86_64 | 2.0.2 | 27.00 | 357.00 | 384.00 | OK | |
r-patched-linux-x86_64 | 2.0.2 | 28.12 | 374.33 | 402.45 | NOTE | |
r-release-linux-x86_64 | 2.0.2 | 25.36 | 372.78 | 398.14 | NOTE | |
r-release-macos-arm64 | 2.0.2 | 144.00 | NOTE | |||
r-release-macos-x86_64 | 2.0.2 | 249.00 | NOTE | |||
r-release-windows-x86_64 | 2.0.2 | 28.00 | 352.00 | 380.00 | NOTE | |
r-oldrel-macos-arm64 | 2.0.2 | 176.00 | NOTE | |||
r-oldrel-macos-x86_64 | 2.0.2 | 291.00 | NOTE | |||
r-oldrel-windows-x86_64 | 2.0.2 | 38.00 | 462.00 | 500.00 | NOTE |
Version: 2.0.2
Check: dependencies in R code
Result: NOTE
Namespaces in Imports field not imported from:
‘boot’ ‘energy’
All declared Imports should be used.
Flavors: r-devel-linux-x86_64-fedora-clang, r-devel-linux-x86_64-fedora-gcc
Version: 2.0.2
Check: LazyData
Result: NOTE
'LazyData' is specified without a 'data' directory
Flavors: r-patched-linux-x86_64, r-release-linux-x86_64, r-release-macos-arm64, r-release-macos-x86_64, r-release-windows-x86_64, r-oldrel-macos-arm64, r-oldrel-macos-x86_64, r-oldrel-windows-x86_64