Last updated on 2024-05-09 14:50:01 CEST.
Flavor | Version | Tinstall | Tcheck | Ttotal | Status | Flags |
---|---|---|---|---|---|---|
r-devel-linux-x86_64-debian-clang | 1.2.3 | 3.58 | 0.02 | 3.60 | FAIL | |
r-devel-linux-x86_64-debian-gcc | 1.2.3 | 3.28 | 719.93 | 723.21 | OK | |
r-devel-linux-x86_64-fedora-clang | 1.2.3 | 1174.76 | OK | |||
r-devel-linux-x86_64-fedora-gcc | 1.2.3 | 1371.53 | OK | |||
r-devel-windows-x86_64 | 1.2.3 | 6.00 | 1007.00 | 1013.00 | OK | |
r-patched-linux-x86_64 | 1.2.3 | 9.39 | 992.90 | 1002.29 | OK | |
r-release-linux-x86_64 | 1.2.3 | 4.04 | 1006.43 | 1010.47 | OK | |
r-release-macos-arm64 | 1.2.3 | 399.00 | OK | |||
r-release-macos-x86_64 | 1.2.3 | 1349.00 | OK | |||
r-release-windows-x86_64 | 1.2.3 | 5.00 | 952.00 | 957.00 | OK | |
r-oldrel-macos-arm64 | 1.2.3 | 404.00 | OK | |||
r-oldrel-macos-x86_64 | 1.2.3 | 1360.00 | OK | |||
r-oldrel-windows-x86_64 | 1.2.3 | 6.00 | 975.00 | 981.00 | OK |
Version: 1.2.3
Check: tests
Result: FAIL
Flavor: r-devel-linux-x86_64-debian-clang