Last updated on 2025-02-21 02:52:18 CET.
Flavor | Version | Tinstall | Tcheck | Ttotal | Status | Flags |
---|---|---|---|---|---|---|
r-devel-linux-x86_64-debian-clang | 1.1 | 2.48 | 64.89 | 67.37 | OK | |
r-devel-linux-x86_64-debian-gcc | 1.1 | 1.78 | 26.46 | 28.24 | OK | |
r-devel-linux-x86_64-fedora-clang | 1.1 | 160.53 | OK | |||
r-devel-linux-x86_64-fedora-gcc | 1.1 | 190.76 | OK | |||
r-devel-macos-arm64 | 1.1 | 55.00 | OK | |||
r-devel-macos-x86_64 | 1.1 | 104.00 | OK | |||
r-devel-windows-x86_64 | 1.1 | 4.00 | 120.00 | 124.00 | OK | |
r-patched-linux-x86_64 | 1.1 | 2.83 | 63.68 | 66.51 | NOTE | |
r-release-linux-x86_64 | 1.1 | 1.77 | 63.35 | 65.12 | NOTE | |
r-release-macos-arm64 | 1.1 | 46.00 | NOTE | |||
r-release-macos-x86_64 | 1.1 | 72.00 | NOTE | |||
r-release-windows-x86_64 | 1.1 | 4.00 | 120.00 | 124.00 | NOTE | |
r-oldrel-macos-arm64 | 1.1 | 29.00 | NOTE | |||
r-oldrel-macos-x86_64 | 1.1 | 74.00 | NOTE | |||
r-oldrel-windows-x86_64 | 1.1 | 4.00 | 174.00 | 178.00 | NOTE |
Version: 1.1
Check: LazyData
Result: NOTE
'LazyData' is specified without a 'data' directory
Flavors: r-patched-linux-x86_64, r-release-linux-x86_64, r-release-macos-arm64, r-release-macos-x86_64, r-release-windows-x86_64, r-oldrel-macos-arm64, r-oldrel-macos-x86_64, r-oldrel-windows-x86_64