Last updated on 2024-05-21 14:57:16 CEST.
Flavor | Version | Tinstall | Tcheck | Ttotal | Status | Flags |
---|---|---|---|---|---|---|
r-devel-linux-x86_64-debian-clang | 1.5 | 2.81 | 43.48 | 46.29 | OK | |
r-devel-linux-x86_64-debian-gcc | 1.5 | 2.03 | 28.45 | 30.48 | ERROR | |
r-devel-linux-x86_64-fedora-clang | 1.5 | 62.33 | OK | |||
r-devel-linux-x86_64-fedora-gcc | 1.5 | 75.21 | OK | |||
r-devel-windows-x86_64 | 1.5 | 4.00 | 79.00 | 83.00 | OK | |
r-patched-linux-x86_64 | 1.5 | 4.68 | 43.94 | 48.62 | OK | |
r-release-linux-x86_64 | 1.5 | 3.07 | 44.36 | 47.43 | OK | |
r-release-macos-arm64 | 1.5 | 37.00 | OK | |||
r-release-windows-x86_64 | 1.5 | 4.00 | 78.00 | 82.00 | OK | |
r-oldrel-macos-arm64 | 1.5 | 41.00 | OK | |||
r-oldrel-macos-x86_64 | 1.5 | 52.00 | OK | |||
r-oldrel-windows-x86_64 | 1.5 | 4.00 | 72.00 | 76.00 | OK |
Version: 1.5
Check: re-building of vignette outputs
Result: ERROR
Error(s) in re-building vignettes:
...
--- re-building ‘missForest_1.5.Rnw’ using Sweave
Loading required package: foreach
Loading required package: missForest
Warning in file(file, "r") :
URL 'https://stat.ethz.ch/Teaching/Datasets/musk.dat': Timeout of 60 seconds was reached
Error: processing vignette 'missForest_1.5.Rnw' failed with diagnostics:
chunk 15 (label = muskData)
Error in file(file, "r") :
cannot open the connection to 'http://stat.ethz.ch/Teaching/Datasets/musk.dat'
--- failed re-building ‘missForest_1.5.Rnw’
SUMMARY: processing the following file failed:
‘missForest_1.5.Rnw’
Error: Vignette re-building failed.
Execution halted
Flavor: r-devel-linux-x86_64-debian-gcc