Last updated on 2025-02-18 02:50:43 CET.
Flavor | Version | Tinstall | Tcheck | Ttotal | Status | Flags |
---|---|---|---|---|---|---|
r-devel-linux-x86_64-debian-clang | 2.2.2 | 24.57 | 459.97 | 484.54 | NOTE | |
r-devel-linux-x86_64-debian-gcc | 2.2.2 | 16.96 | 262.35 | 279.31 | NOTE | |
r-devel-linux-x86_64-fedora-clang | 2.2.2 | 688.45 | OK | |||
r-devel-linux-x86_64-fedora-gcc | 2.2.2 | 697.69 | OK | |||
r-devel-macos-arm64 | 2.2.2 | 174.00 | OK | |||
r-devel-macos-x86_64 | 2.2.2 | 355.00 | OK | |||
r-devel-windows-x86_64 | 2.2.2 | 28.00 | 427.00 | 455.00 | NOTE | |
r-patched-linux-x86_64 | 2.2.2 | 29.04 | 445.16 | 474.20 | OK | |
r-release-linux-x86_64 | 2.2.2 | 23.67 | 454.77 | 478.44 | OK | |
r-release-macos-arm64 | 2.2.2 | 229.00 | OK | |||
r-release-macos-x86_64 | 2.2.2 | 260.00 | OK | |||
r-release-windows-x86_64 | 2.2.2 | 27.00 | 541.00 | 568.00 | OK | |
r-oldrel-macos-arm64 | 2.2.2 | 175.00 | OK | |||
r-oldrel-macos-x86_64 | 2.2.2 | 451.00 | OK | |||
r-oldrel-windows-x86_64 | 2.2.2 | 37.00 | 564.00 | 601.00 | OK |
Version: 2.2.2
Check: Rd cross-references
Result: NOTE
Found the following Rd file(s) with Rd \link{} targets missing package
anchors:
MonteCarlo.Rd: foreach
Please provide package anchors for all Rd \link{} targets not in the
package itself and the base packages.
Flavors: r-devel-linux-x86_64-debian-clang, r-devel-linux-x86_64-debian-gcc, r-devel-windows-x86_64