Last updated on 2024-05-21 14:57:16 CEST.
Flavor | Version | Tinstall | Tcheck | Ttotal | Status | Flags |
---|---|---|---|---|---|---|
r-devel-linux-x86_64-debian-clang | 1.1.1 | 1.78 | 21.23 | 23.01 | NOTE | |
r-devel-linux-x86_64-debian-gcc | 1.1.1 | 1.49 | 16.91 | 18.40 | NOTE | |
r-devel-linux-x86_64-fedora-clang | 1.1.1 | 31.74 | NOTE | |||
r-devel-linux-x86_64-fedora-gcc | 1.1.1 | 31.69 | NOTE | |||
r-devel-windows-x86_64 | 1.1.1 | 2.00 | 39.00 | 41.00 | NOTE | |
r-patched-linux-x86_64 | 1.1.1 | 1.99 | 21.38 | 23.37 | NOTE | |
r-release-linux-x86_64 | 1.1.1 | 1.38 | 21.03 | 22.41 | NOTE | |
r-release-macos-arm64 | 1.1.1 | 14.00 | NOTE | |||
r-release-windows-x86_64 | 1.1.1 | 3.00 | 40.00 | 43.00 | NOTE | |
r-oldrel-macos-arm64 | 1.1.1 | 15.00 | NOTE | |||
r-oldrel-macos-x86_64 | 1.1.1 | 19.00 | NOTE | |||
r-oldrel-windows-x86_64 | 1.1.1 | 3.00 | 45.00 | 48.00 | NOTE |
Version: 1.1.1
Check: package dependencies
Result: NOTE
Package suggested but not available for checking: ‘mixRasch’
Flavors: r-devel-linux-x86_64-debian-clang, r-devel-linux-x86_64-debian-gcc, r-devel-linux-x86_64-fedora-clang, r-devel-linux-x86_64-fedora-gcc, r-devel-windows-x86_64, r-patched-linux-x86_64, r-release-linux-x86_64, r-release-macos-arm64, r-release-windows-x86_64, r-oldrel-macos-arm64, r-oldrel-macos-x86_64, r-oldrel-windows-x86_64