Last updated on 2025-05-13 14:50:28 CEST.
Flavor | Version | Tinstall | Tcheck | Ttotal | Status | Flags |
---|---|---|---|---|---|---|
r-devel-linux-x86_64-debian-clang | 1.2.0 | 5.31 | 66.47 | 71.78 | NOTE | |
r-devel-linux-x86_64-debian-gcc | 1.2.0 | 3.27 | 43.80 | 47.07 | NOTE | |
r-devel-linux-x86_64-fedora-clang | 1.2.0 | 110.20 | NOTE | |||
r-devel-linux-x86_64-fedora-gcc | 1.2.0 | 108.12 | NOTE | |||
r-devel-windows-x86_64 | 1.2.0 | 7.00 | 82.00 | 89.00 | NOTE | |
r-patched-linux-x86_64 | 1.2.0 | 6.68 | 59.18 | 65.86 | NOTE | |
r-release-linux-x86_64 | 1.2.0 | 4.18 | 59.75 | 63.93 | NOTE | |
r-release-macos-arm64 | 1.2.0 | 28.00 | NOTE | |||
r-release-macos-x86_64 | 1.2.0 | 58.00 | NOTE | |||
r-release-windows-x86_64 | 1.2.0 | 8.00 | 87.00 | 95.00 | NOTE | |
r-oldrel-macos-arm64 | 1.2.0 | 30.00 | NOTE | |||
r-oldrel-macos-x86_64 | 1.2.0 | 42.00 | NOTE | |||
r-oldrel-windows-x86_64 | 1.2.0 | 9.00 | 102.00 | 111.00 | NOTE |
Version: 1.2.0
Check: CRAN incoming feasibility
Result: NOTE
Maintainer: ‘Antonio Gasparrini <antonio.gasparrini@lshtm.ac.uk>’
Package CITATION file contains call(s) to old-style personList() or
as.personList(). Please use c() on person objects instead.
Package CITATION file contains call(s) to old-style citEntry(). Please
use bibentry() instead.
Flavors: r-devel-linux-x86_64-debian-clang, r-devel-linux-x86_64-debian-gcc
Version: 1.2.0
Check: Rd files
Result: NOTE
checkRd: (-1) mixmeta-package.Rd:115: Escaped LaTeX specials: \&
checkRd: (-1) mixmeta.ml.Rd:56: Escaped LaTeX specials: \&
checkRd: (-1) ml.igls.Rd:62: Escaped LaTeX specials: \&
Flavors: r-devel-linux-x86_64-debian-clang, r-devel-linux-x86_64-debian-gcc, r-devel-linux-x86_64-fedora-clang, r-devel-linux-x86_64-fedora-gcc, r-devel-windows-x86_64, r-patched-linux-x86_64, r-release-linux-x86_64, r-release-macos-arm64, r-release-macos-x86_64, r-release-windows-x86_64, r-oldrel-macos-arm64, r-oldrel-macos-x86_64, r-oldrel-windows-x86_64