Last updated on 2025-02-21 02:52:18 CET.
Flavor | Version | Tinstall | Tcheck | Ttotal | Status | Flags |
---|---|---|---|---|---|---|
r-devel-linux-x86_64-debian-clang | 0.1.0 | 4.67 | 55.07 | 59.74 | NOTE | |
r-devel-linux-x86_64-debian-gcc | 0.1.0 | 2.52 | 39.13 | 41.65 | NOTE | |
r-devel-linux-x86_64-fedora-clang | 0.1.0 | 84.75 | OK | |||
r-devel-linux-x86_64-fedora-gcc | 0.1.0 | 75.36 | OK | |||
r-devel-macos-arm64 | 0.1.0 | 30.00 | OK | |||
r-devel-macos-x86_64 | 0.1.0 | 52.00 | OK | |||
r-devel-windows-x86_64 | 0.1.0 | 6.00 | 64.00 | 70.00 | OK | |
r-patched-linux-x86_64 | 0.1.0 | 4.09 | 45.39 | 49.48 | OK | |
r-release-linux-x86_64 | 0.1.0 | 3.88 | 46.31 | 50.19 | OK | |
r-release-macos-arm64 | 0.1.0 | 28.00 | OK | |||
r-release-macos-x86_64 | 0.1.0 | 44.00 | OK | |||
r-release-windows-x86_64 | 0.1.0 | 6.00 | 62.00 | 68.00 | OK | |
r-oldrel-macos-arm64 | 0.1.0 | 35.00 | OK | |||
r-oldrel-macos-x86_64 | 0.1.0 | 49.00 | OK | |||
r-oldrel-windows-x86_64 | 0.1.0 | 7.00 | 81.00 | 88.00 | OK |
Version: 0.1.0
Check: for unstated dependencies in ‘demo’
Result: NOTE
'library' or 'require' calls not declared from:
‘future’ ‘mlr3tuning’
Flavors: r-devel-linux-x86_64-debian-clang, r-devel-linux-x86_64-debian-gcc