Last updated on 2025-05-18 02:49:42 CEST.
Flavor | Version | Tinstall | Tcheck | Ttotal | Status | Flags |
---|---|---|---|---|---|---|
r-devel-linux-x86_64-debian-clang | 0.3.0 | 19.54 | 25.17 | 44.71 | NOTE | |
r-devel-linux-x86_64-debian-gcc | 0.3.0 | 13.48 | 20.38 | 33.86 | NOTE | |
r-devel-linux-x86_64-fedora-clang | 0.3.0 | 78.70 | NOTE | |||
r-devel-linux-x86_64-fedora-gcc | 0.3.0 | 84.14 | NOTE | |||
r-devel-windows-x86_64 | 0.3.0 | 33.00 | 65.00 | 98.00 | NOTE | |
r-patched-linux-x86_64 | 0.3.0 | 19.08 | 24.37 | 43.45 | NOTE | |
r-release-linux-x86_64 | 0.3.0 | 18.30 | 24.99 | 43.29 | NOTE | |
r-release-macos-arm64 | 0.3.0 | 25.00 | NOTE | |||
r-release-macos-x86_64 | 0.3.0 | 36.00 | NOTE | |||
r-release-windows-x86_64 | 0.3.0 | 34.00 | 73.00 | 107.00 | NOTE | |
r-oldrel-macos-arm64 | 0.3.0 | 26.00 | NOTE | |||
r-oldrel-macos-x86_64 | 0.3.0 | 35.00 | NOTE | |||
r-oldrel-windows-x86_64 | 0.3.0 | 39.00 | 81.00 | 120.00 | NOTE |
Version: 0.3.0
Check: C++ specification
Result: NOTE
Specified C++11: please drop specification unless essential
Flavors: r-devel-linux-x86_64-debian-clang, r-devel-linux-x86_64-debian-gcc, r-devel-linux-x86_64-fedora-clang, r-devel-linux-x86_64-fedora-gcc, r-devel-windows-x86_64, r-patched-linux-x86_64, r-release-linux-x86_64, r-release-macos-arm64, r-release-macos-x86_64, r-release-windows-x86_64, r-oldrel-macos-arm64, r-oldrel-macos-x86_64, r-oldrel-windows-x86_64
Version: 0.3.0
Check: LazyData
Result: NOTE
'LazyData' is specified without a 'data' directory
Flavors: r-oldrel-macos-arm64, r-oldrel-macos-x86_64, r-oldrel-windows-x86_64