CRAN Package Check Results for Package mmb

Last updated on 2025-05-06 02:50:24 CEST.

Flavor Version Tinstall Tcheck Ttotal Status Flags
r-devel-linux-x86_64-debian-clang 0.13.3 2.95 99.57 102.52 NOTE
r-devel-linux-x86_64-debian-gcc 0.13.3 2.26 65.62 67.88 NOTE
r-devel-linux-x86_64-fedora-clang 0.13.3 165.59 NOTE
r-devel-linux-x86_64-fedora-gcc 0.13.3 179.56 NOTE
r-devel-windows-x86_64 0.13.3 4.00 112.00 116.00 OK
r-patched-linux-x86_64 0.13.3 3.87 93.74 97.61 OK
r-release-linux-x86_64 0.13.3 3.21 96.52 99.73 OK
r-release-macos-arm64 0.13.3 68.00 OK
r-release-macos-x86_64 0.13.3 112.00 OK
r-release-windows-x86_64 0.13.3 4.00 108.00 112.00 OK
r-oldrel-macos-arm64 0.13.3 55.00 NOTE
r-oldrel-macos-x86_64 0.13.3 88.00 NOTE
r-oldrel-windows-x86_64 0.13.3 6.00 158.00 164.00 NOTE

Check Details

Version: 0.13.3
Check: CRAN incoming feasibility
Result: NOTE Maintainer: ‘Sebastian Hönel <sebastian.honel@lnu.se>’ No Authors@R field in DESCRIPTION. Please add one, modifying Authors@R: person(given = "Sebastian", family = "Hönel", role = c("aut", "cre"), email = "sebastian.honel@lnu.se") as necessary. Flavors: r-devel-linux-x86_64-debian-clang, r-devel-linux-x86_64-debian-gcc

Version: 0.13.3
Check: dependencies in R code
Result: NOTE Namespaces in Imports field not imported from: ‘datasets’ ‘doParallel’ ‘parallel’ All declared Imports should be used. Flavors: r-devel-linux-x86_64-fedora-clang, r-devel-linux-x86_64-fedora-gcc

Version: 0.13.3
Check: LazyData
Result: NOTE 'LazyData' is specified without a 'data' directory Flavors: r-oldrel-macos-arm64, r-oldrel-macos-x86_64, r-oldrel-windows-x86_64