Last updated on 2024-05-21 14:57:17 CEST.
Flavor | Version | Tinstall | Tcheck | Ttotal | Status | Flags |
---|---|---|---|---|---|---|
r-devel-linux-x86_64-debian-clang | 1.5 | 4.51 | 40.63 | 45.14 | NOTE | |
r-devel-linux-x86_64-debian-gcc | 1.5 | 4.65 | 28.99 | 33.64 | NOTE | |
r-devel-linux-x86_64-fedora-clang | 1.5 | 58.83 | NOTE | |||
r-devel-linux-x86_64-fedora-gcc | 1.5 | 52.99 | NOTE | |||
r-devel-windows-x86_64 | 1.5 | 5.00 | 46.00 | 51.00 | NOTE | |
r-patched-linux-x86_64 | 1.5 | 5.24 | 38.97 | 44.21 | NOTE | |
r-release-linux-x86_64 | 1.5 | 6.37 | 38.30 | 44.67 | NOTE | |
r-release-macos-arm64 | 1.5 | 17.00 | NOTE | |||
r-release-windows-x86_64 | 1.5 | 5.00 | 45.00 | 50.00 | NOTE | |
r-oldrel-macos-arm64 | 1.5 | 22.00 | OK | |||
r-oldrel-macos-x86_64 | 1.5 | 50.00 | OK | |||
r-oldrel-windows-x86_64 | 1.5 | 6.00 | 51.00 | 57.00 | OK |
Version: 1.5
Check: Rd files
Result: NOTE
checkRd: (-1) mmeln.Rd:69: Lost braces; missing escapes or markup?
69 | \item{obj$M}{Number of total observations sum_{i=1}^N(pi)}
| ^
Flavors: r-devel-linux-x86_64-debian-clang, r-devel-linux-x86_64-debian-gcc, r-devel-linux-x86_64-fedora-clang, r-devel-linux-x86_64-fedora-gcc, r-devel-windows-x86_64, r-patched-linux-x86_64, r-release-linux-x86_64, r-release-macos-arm64, r-release-windows-x86_64