CRAN Package Check Results for Package mojson

Last updated on 2025-05-14 02:50:19 CEST.

Flavor Version Tinstall Tcheck Ttotal Status Flags
r-devel-linux-x86_64-debian-clang 0.1 4.91 37.49 42.40 NOTE
r-devel-linux-x86_64-debian-gcc 0.1 3.60 28.59 32.19 NOTE
r-devel-linux-x86_64-fedora-clang 0.1 67.82 OK
r-devel-linux-x86_64-fedora-gcc 0.1 75.96 OK
r-devel-windows-x86_64 0.1 8.00 53.00 61.00 OK
r-patched-linux-x86_64 0.1 3.72 35.26 38.98 OK
r-release-linux-x86_64 0.1 3.13 35.12 38.25 OK
r-release-macos-arm64 0.1 31.00 OK
r-release-macos-x86_64 0.1 72.00 OK
r-release-windows-x86_64 0.1 7.00 55.00 62.00 OK
r-oldrel-macos-arm64 0.1 31.00 NOTE
r-oldrel-macos-x86_64 0.1 50.00 NOTE
r-oldrel-windows-x86_64 0.1 9.00 68.00 77.00 NOTE

Check Details

Version: 0.1
Check: CRAN incoming feasibility
Result: NOTE Maintainer: ‘Bo Wei <ckris@163.com>’ No Authors@R field in DESCRIPTION. Please add one, modifying Authors@R: person(given = "Bo", family = "Wei", role = c("aut", "cre"), email = "ckris@163.com") as necessary. Flavors: r-devel-linux-x86_64-debian-clang, r-devel-linux-x86_64-debian-gcc

Version: 0.1
Check: LazyData
Result: NOTE 'LazyData' is specified without a 'data' directory Flavors: r-oldrel-macos-arm64, r-oldrel-macos-x86_64, r-oldrel-windows-x86_64