CRAN Package Check Results for Package morphemepiece

Last updated on 2025-02-21 02:52:18 CET.

Flavor Version Tinstall Tcheck Ttotal Status Flags
r-devel-linux-x86_64-debian-clang 1.2.3 2.85 33.16 36.01 NOTE
r-devel-linux-x86_64-debian-gcc 1.2.3 1.96 26.13 28.09 NOTE
r-devel-linux-x86_64-fedora-clang 1.2.3 57.77 NOTE
r-devel-linux-x86_64-fedora-gcc 1.2.3 69.20 NOTE
r-devel-macos-arm64 1.2.3 33.00 NOTE
r-devel-macos-x86_64 1.2.3 48.00 NOTE
r-devel-windows-x86_64 1.2.3 5.00 55.00 60.00 NOTE
r-patched-linux-x86_64 1.2.3 2.94 31.80 34.74 NOTE
r-release-linux-x86_64 1.2.3 2.76 31.76 34.52 NOTE
r-release-macos-arm64 1.2.3 40.00 NOTE
r-release-macos-x86_64 1.2.3 43.00 NOTE
r-release-windows-x86_64 1.2.3 6.00 56.00 62.00 NOTE
r-oldrel-macos-arm64 1.2.3 31.00 OK
r-oldrel-macos-x86_64 1.2.3 39.00 OK
r-oldrel-windows-x86_64 1.2.3 6.00 67.00 73.00 OK

Check Details

Version: 1.2.3
Check: Rd files
Result: NOTE checkRd: (-1) morphemepiece_cache_dir.Rd:17-19: Lost braces in \itemize; meant \describe ? checkRd: (-1) morphemepiece_cache_dir.Rd:20-21: Lost braces in \itemize; meant \describe ? checkRd: (-1) morphemepiece_cache_dir.Rd:22-24: Lost braces in \itemize; meant \describe ? Flavors: r-devel-linux-x86_64-debian-clang, r-devel-linux-x86_64-debian-gcc, r-devel-linux-x86_64-fedora-clang, r-devel-linux-x86_64-fedora-gcc, r-devel-macos-arm64, r-devel-macos-x86_64, r-devel-windows-x86_64, r-patched-linux-x86_64, r-release-linux-x86_64, r-release-macos-arm64, r-release-macos-x86_64, r-release-windows-x86_64