Last updated on 2024-05-21 14:57:17 CEST.
Flavor | Version | Tinstall | Tcheck | Ttotal | Status | Flags |
---|---|---|---|---|---|---|
r-devel-linux-x86_64-debian-clang | 0.6.4 | 112.47 | 130.88 | 243.35 | OK | |
r-devel-linux-x86_64-debian-gcc | 0.6.4 | 76.15 | 95.67 | 171.82 | OK | |
r-devel-linux-x86_64-fedora-clang | 0.6.4 | 342.92 | OK | |||
r-devel-linux-x86_64-fedora-gcc | 0.6.4 | 342.44 | OK | |||
r-devel-windows-x86_64 | 0.6.4 | 89.00 | 143.00 | 232.00 | OK | |
r-patched-linux-x86_64 | 0.6.4 | 115.23 | 125.49 | 240.72 | OK | |
r-release-linux-x86_64 | 0.6.4 | 108.57 | 122.65 | 231.22 | OK | |
r-release-macos-arm64 | 0.6.4 | 74.00 | NOTE | |||
r-release-windows-x86_64 | 0.6.4 | 93.00 | 138.00 | 231.00 | OK | |
r-oldrel-macos-arm64 | 0.6.4 | 70.00 | NOTE | |||
r-oldrel-macos-x86_64 | 0.6.4 | 134.00 | NOTE | |||
r-oldrel-windows-x86_64 | 0.6.4 | 107.00 | 163.00 | 270.00 | OK |
Version: 0.6.4
Check: installed package size
Result: NOTE
installed size is 6.2Mb
sub-directories of 1Mb or more:
libs 3.0Mb
raster 2.2Mb
Flavors: r-release-macos-arm64, r-oldrel-macos-arm64, r-oldrel-macos-x86_64