Last updated on 2025-02-21 02:52:18 CET.
Flavor | Version | Tinstall | Tcheck | Ttotal | Status | Flags |
---|---|---|---|---|---|---|
r-devel-linux-x86_64-debian-clang | 0.6.4 | 63.01 | 102.90 | 165.91 | OK | |
r-devel-linux-x86_64-debian-gcc | 0.6.4 | 44.06 | 68.86 | 112.92 | OK | |
r-devel-linux-x86_64-fedora-clang | 0.6.4 | 295.87 | OK | |||
r-devel-linux-x86_64-fedora-gcc | 0.6.4 | 301.94 | OK | |||
r-devel-macos-arm64 | 0.6.4 | 81.00 | OK | |||
r-devel-macos-x86_64 | 0.6.4 | 168.00 | OK | |||
r-devel-windows-x86_64 | 0.6.4 | 67.00 | 136.00 | 203.00 | OK | |
r-patched-linux-x86_64 | 0.6.4 | 61.49 | 95.33 | 156.82 | OK | |
r-release-linux-x86_64 | 0.6.4 | 58.53 | 94.37 | 152.90 | OK | |
r-release-macos-arm64 | 0.6.4 | 74.00 | NOTE | |||
r-release-macos-x86_64 | 0.6.4 | 103.00 | NOTE | |||
r-release-windows-x86_64 | 0.6.4 | 67.00 | 144.00 | 211.00 | OK | |
r-oldrel-macos-arm64 | 0.6.4 | 70.00 | NOTE | |||
r-oldrel-macos-x86_64 | 0.6.4 | 134.00 | NOTE | |||
r-oldrel-windows-x86_64 | 0.6.4 | 80.00 | 166.00 | 246.00 | OK |
Version: 0.6.4
Check: installed package size
Result: NOTE
installed size is 6.2Mb
sub-directories of 1Mb or more:
libs 3.0Mb
raster 2.2Mb
Flavors: r-release-macos-arm64, r-release-macos-x86_64, r-oldrel-macos-arm64, r-oldrel-macos-x86_64