Last updated on 2025-02-18 02:50:43 CET.
Flavor | Version | Tinstall | Tcheck | Ttotal | Status | Flags |
---|---|---|---|---|---|---|
r-devel-linux-x86_64-debian-clang | 1.2.3 | 8.77 | 198.01 | 206.78 | NOTE | |
r-devel-linux-x86_64-debian-gcc | 1.2.3 | 6.57 | 125.54 | 132.11 | NOTE | |
r-devel-linux-x86_64-fedora-clang | 1.2.3 | 328.20 | NOTE | |||
r-devel-linux-x86_64-fedora-gcc | 1.2.3 | 318.57 | NOTE | |||
r-devel-macos-arm64 | 1.2.3 | 102.00 | OK | |||
r-devel-macos-x86_64 | 1.2.3 | 208.00 | NOTE | |||
r-devel-windows-x86_64 | 1.2.3 | 10.00 | 194.00 | 204.00 | NOTE | |
r-patched-linux-x86_64 | 1.2.3 | 9.61 | 182.34 | 191.95 | OK | |
r-release-linux-x86_64 | 1.2.3 | 8.69 | 185.45 | 194.14 | OK | |
r-release-macos-arm64 | 1.2.3 | 111.00 | OK | |||
r-release-macos-x86_64 | 1.2.3 | 172.00 | OK | |||
r-release-windows-x86_64 | 1.2.3 | 12.00 | 189.00 | 201.00 | OK | |
r-oldrel-macos-arm64 | 1.2.3 | 109.00 | OK | |||
r-oldrel-macos-x86_64 | 1.2.3 | 226.00 | OK | |||
r-oldrel-windows-x86_64 | 1.2.3 | 14.00 | 287.00 | 301.00 | OK |
Version: 1.2.3
Check: DESCRIPTION meta-information
Result: NOTE
Missing dependency on R >= 4.1.0 because package code uses the pipe
|> or function shorthand \(...) syntax added in R 4.1.0.
File(s) using such syntax:
‘alias_column_names.R’ ‘coverage.R’ ‘database.R’ ‘import.R’
‘import_functions.R’ ‘linking.R’ ‘location_functions.R’
‘sensor_functions.R’
Flavors: r-devel-linux-x86_64-debian-clang, r-devel-linux-x86_64-debian-gcc, r-devel-linux-x86_64-fedora-clang, r-devel-linux-x86_64-fedora-gcc, r-devel-macos-x86_64, r-devel-windows-x86_64