Last updated on 2024-05-21 14:57:17 CEST.
Flavor | Version | Tinstall | Tcheck | Ttotal | Status | Flags |
---|---|---|---|---|---|---|
r-devel-linux-x86_64-debian-clang | 1.0.6 | 8.61 | 80.76 | 89.37 | NOTE | |
r-devel-linux-x86_64-debian-gcc | 1.0.6 | 6.56 | 58.30 | 64.86 | NOTE | |
r-devel-linux-x86_64-fedora-clang | 1.0.6 | 111.64 | NOTE | |||
r-devel-linux-x86_64-fedora-gcc | 1.0.6 | 101.44 | NOTE | |||
r-devel-windows-x86_64 | 1.0.6 | 9.00 | 83.00 | 92.00 | NOTE | |
r-patched-linux-x86_64 | 1.0.6 | 5.81 | 76.12 | 81.93 | NOTE | |
r-release-linux-x86_64 | 1.0.6 | 6.11 | 74.06 | 80.17 | NOTE | |
r-release-macos-arm64 | 1.0.6 | 44.00 | NOTE | |||
r-release-windows-x86_64 | 1.0.6 | 9.00 | 103.00 | 112.00 | NOTE | |
r-oldrel-macos-arm64 | 1.0.6 | 39.00 | OK | |||
r-oldrel-macos-x86_64 | 1.0.6 | 55.00 | NOTE | |||
r-oldrel-windows-x86_64 | 1.0.6 | 13.00 | 105.00 | 118.00 | OK |
Version: 1.0.6
Check: Rd files
Result: NOTE
checkRd: (-1) glmfence.Rd:21: Lost braces; missing escapes or markup?
21 | is performed where the boundary is cstar*hat(sigma)_{M,tildeM}.}
| ^
checkRd: (-1) lmfence.Rd:21: Lost braces; missing escapes or markup?
21 | is performed where the boundary is cstar*hat(sigma)_{M,tildeM}.}
| ^
Flavors: r-devel-linux-x86_64-debian-clang, r-devel-linux-x86_64-debian-gcc, r-devel-linux-x86_64-fedora-clang, r-devel-linux-x86_64-fedora-gcc, r-devel-windows-x86_64, r-patched-linux-x86_64, r-release-linux-x86_64, r-release-macos-arm64, r-release-windows-x86_64
Version: 1.0.6
Check: package dependencies
Result: NOTE
Packages suggested but not available for checking: 'mvoutlier', 'glmulti'
Flavor: r-oldrel-macos-x86_64