Last updated on 2025-05-13 14:50:28 CEST.
Flavor | Version | Tinstall | Tcheck | Ttotal | Status | Flags |
---|---|---|---|---|---|---|
r-devel-linux-x86_64-debian-clang | 3.0.0 | 19.55 | 119.60 | 139.15 | NOTE | |
r-devel-linux-x86_64-debian-gcc | 3.0.0 | 12.90 | 82.27 | 95.17 | NOTE | |
r-devel-linux-x86_64-fedora-clang | 3.0.0 | 214.77 | NOTE | |||
r-devel-linux-x86_64-fedora-gcc | 3.0.0 | 208.58 | NOTE | |||
r-devel-windows-x86_64 | 3.0.0 | 18.00 | 137.00 | 155.00 | NOTE | |
r-patched-linux-x86_64 | 3.0.0 | 21.04 | 112.49 | 133.53 | NOTE | |
r-release-linux-x86_64 | 3.0.0 | 13.64 | 112.78 | 126.42 | NOTE | |
r-release-macos-arm64 | 3.0.0 | 55.00 | NOTE | |||
r-release-macos-x86_64 | 3.0.0 | 114.00 | NOTE | |||
r-release-windows-x86_64 | 3.0.0 | 19.00 | 140.00 | 159.00 | NOTE | |
r-oldrel-macos-arm64 | 3.0.0 | 57.00 | OK | |||
r-oldrel-macos-x86_64 | 3.0.0 | 118.00 | OK | |||
r-oldrel-windows-x86_64 | 3.0.0 | 26.00 | 173.00 | 199.00 | OK |
Version: 3.0.0
Check: DESCRIPTION meta-information
Result: NOTE
Missing dependency on R >= 4.1.0 because package code uses the pipe
|> or function shorthand \(...) syntax added in R 4.1.0.
File(s) using such syntax:
‘detfct.fit.opt.R’
Flavors: r-devel-linux-x86_64-debian-clang, r-devel-linux-x86_64-debian-gcc, r-devel-linux-x86_64-fedora-clang, r-devel-linux-x86_64-fedora-gcc, r-devel-windows-x86_64, r-patched-linux-x86_64, r-release-linux-x86_64, r-release-macos-arm64, r-release-macos-x86_64, r-release-windows-x86_64