Last updated on 2025-02-21 02:52:18 CET.
Flavor | Version | Tinstall | Tcheck | Ttotal | Status | Flags |
---|---|---|---|---|---|---|
r-devel-linux-x86_64-debian-clang | 1.0.17 | 75.89 | 96.37 | 172.26 | OK | |
r-devel-linux-x86_64-debian-gcc | 1.0.17 | 52.47 | 69.78 | 122.25 | OK | |
r-devel-linux-x86_64-fedora-clang | 1.0.17 | 302.21 | OK | |||
r-devel-linux-x86_64-fedora-gcc | 1.0.17 | 281.24 | OK | |||
r-devel-macos-arm64 | 1.0.17 | 76.00 | OK | |||
r-devel-macos-x86_64 | 1.0.17 | 123.00 | OK | |||
r-devel-windows-x86_64 | 1.0.17 | 81.00 | 138.00 | 219.00 | OK | |
r-patched-linux-x86_64 | 1.0.17 | 71.99 | 92.80 | 164.79 | OK | |
r-release-linux-x86_64 | 1.0.17 | 69.68 | 93.30 | 162.98 | OK | |
r-release-macos-arm64 | 1.0.17 | 79.00 | NOTE | |||
r-release-macos-x86_64 | 1.0.17 | 90.00 | NOTE | |||
r-release-windows-x86_64 | 1.0.17 | 82.00 | 131.00 | 213.00 | OK | |
r-oldrel-macos-arm64 | 1.0.17 | 83.00 | NOTE | |||
r-oldrel-macos-x86_64 | 1.0.17 | 159.00 | NOTE | |||
r-oldrel-windows-x86_64 | 1.0.17 | 102.00 | 170.00 | 272.00 | OK |
Version: 1.0.17
Check: installed package size
Result: NOTE
installed size is 14.1Mb
sub-directories of 1Mb or more:
data 1.6Mb
libs 12.1Mb
Flavors: r-release-macos-arm64, r-release-macos-x86_64, r-oldrel-macos-arm64, r-oldrel-macos-x86_64