CRAN Package Check Results for Package mrgsim.parallel

Last updated on 2025-02-21 02:52:18 CET.

Flavor Version Tinstall Tcheck Ttotal Status Flags
r-devel-linux-x86_64-debian-clang 0.2.1 6.70 89.95 96.65 NOTE
r-devel-linux-x86_64-debian-gcc 0.2.1 4.60 66.14 70.74 NOTE
r-devel-linux-x86_64-fedora-clang 0.2.1 156.91 OK
r-devel-linux-x86_64-fedora-gcc 0.2.1 155.59 OK
r-devel-macos-arm64 0.2.1 57.00 OK
r-devel-macos-x86_64 0.2.1 112.00 OK
r-devel-windows-x86_64 0.2.1 9.00 115.00 124.00 NOTE
r-patched-linux-x86_64 0.2.1 11.75 79.52 91.27 OK
r-release-linux-x86_64 0.2.1 4.98 80.54 85.52 OK
r-release-macos-arm64 0.2.1 54.00 OK
r-release-macos-x86_64 0.2.1 81.00 OK
r-release-windows-x86_64 0.2.1 8.00 112.00 120.00 OK
r-oldrel-macos-arm64 0.2.1 57.00 OK
r-oldrel-macos-x86_64 0.2.1 76.00 OK
r-oldrel-windows-x86_64 0.2.1 10.00 129.00 139.00 OK

Check Details

Version: 0.2.1
Check: Rd cross-references
Result: NOTE Found the following Rd file(s) with Rd \link{} targets missing package anchors: parallel_mrgsim_d.Rd: mrgsim_d, future_lapply parallel_mrgsim_ei.Rd: mrgsim_d, future_lapply Please provide package anchors for all Rd \link{} targets not in the package itself and the base packages. Flavors: r-devel-linux-x86_64-debian-clang, r-devel-linux-x86_64-debian-gcc, r-devel-windows-x86_64