CRAN Package Check Results for Package mscstts

Last updated on 2025-02-21 02:52:18 CET.

Flavor Version Tinstall Tcheck Ttotal Status Flags
r-devel-linux-x86_64-debian-clang 0.6.3 2.12 25.02 27.14 NOTE
r-devel-linux-x86_64-debian-gcc 0.6.3 1.70 19.90 21.60 NOTE
r-devel-linux-x86_64-fedora-clang 0.6.3 43.17 OK
r-devel-linux-x86_64-fedora-gcc 0.6.3 40.81 OK
r-devel-macos-arm64 0.6.3 25.00 OK
r-devel-macos-x86_64 0.6.3 31.00 OK
r-devel-windows-x86_64 0.6.3 3.00 52.00 55.00 NOTE
r-patched-linux-x86_64 0.6.3 5.02 23.90 28.92 OK
r-release-linux-x86_64 0.6.3 1.83 24.07 25.90 OK
r-release-macos-arm64 0.6.3 19.00 OK
r-release-macos-x86_64 0.6.3 27.00 OK
r-release-windows-x86_64 0.6.3 4.00 53.00 57.00 OK
r-oldrel-macos-arm64 0.6.3 19.00 OK
r-oldrel-macos-x86_64 0.6.3 25.00 OK
r-oldrel-windows-x86_64 0.6.3 4.00 56.00 60.00 OK

Check Details

Version: 0.6.3
Check: Rd cross-references
Result: NOTE Found the following Rd file(s) with Rd \link{} targets missing package anchors: ms_list_voices.Rd: GET ms_synthesize.Rd: POST Please provide package anchors for all Rd \link{} targets not in the package itself and the base packages. Flavors: r-devel-linux-x86_64-debian-clang, r-devel-linux-x86_64-debian-gcc, r-devel-windows-x86_64